{"id":1476,"date":"2025-12-02T00:42:29","date_gmt":"2025-12-02T00:42:29","guid":{"rendered":"https:\/\/apimondia.org\/?page_id=1476"},"modified":"2026-02-05T01:05:28","modified_gmt":"2026-02-05T01:05:28","slug":"congress-2027","status":"publish","type":"page","link":"https:\/\/apimondia.org\/esp\/events\/congresses\/congress-2027\/","title":{"rendered":"Congreso Apimondia 2027"},"content":{"rendered":"<div data-elementor-type=\"wp-page\" data-elementor-id=\"1476\" class=\"elementor elementor-1476\" data-elementor-post-type=\"page\">\n\t\t\t\t<div class=\"elementor-element elementor-element-bf3aa77 e-flex e-con-boxed e-con e-parent\" data-id=\"bf3aa77\" data-element_type=\"container\" data-e-type=\"container\">\n\t\t\t\t\t<div class=\"e-con-inner\">\n\t\t\t\t<div class=\"elementor-element elementor-element-1554e2a elementor-widget elementor-widget-heading\" data-id=\"1554e2a\" data-element_type=\"widget\" data-e-type=\"widget\" data-widget_type=\"heading.default\">\n\t\t\t\t\t<h1 class=\"elementor-heading-title elementor-size-default\">Congreso Apimondia 2027<\/h1>\t\t\t\t<\/div>\n\t\t\t\t<div class=\"elementor-element elementor-element-748fcbb elementor-widget-divider--view-line elementor-widget elementor-widget-divider\" data-id=\"748fcbb\" data-element_type=\"widget\" data-e-type=\"widget\" data-widget_type=\"divider.default\">\n\t\t\t\t\t\t\t<div class=\"elementor-divider\">\n\t\t\t<span class=\"elementor-divider-separator\">\n\t\t\t\t\t\t<\/span>\n\t\t<\/div>\n\t\t\t\t\t\t<\/div>\n\t\t\t\t\t<\/div>\n\t\t\t\t<\/div>\n\t\t<div class=\"elementor-element elementor-element-65a671f e-flex e-con-boxed e-con e-parent\" data-id=\"65a671f\" data-element_type=\"container\" data-e-type=\"container\">\n\t\t\t\t\t<div class=\"e-con-inner\">\n\t\t\t\t<div class=\"elementor-element elementor-element-c670160 elementor-widget elementor-widget-heading\" data-id=\"c670160\" data-element_type=\"widget\" data-e-type=\"widget\" data-widget_type=\"heading.default\">\n\t\t\t\t\t<h2 class=\"elementor-heading-title elementor-size-default\">15-19 de noviembre de 2027 - Dubai, Emiratos \u00c1rabes Unidos<\/h2>\t\t\t\t<\/div>\n\t\t\t\t<div class=\"elementor-element elementor-element-df9d981 elementor-widget elementor-widget-text-editor\" data-id=\"df9d981\" data-element_type=\"widget\" data-e-type=\"widget\" data-widget_type=\"text-editor.default\">\n\t\t\t\t\t\t\t\t\t<p style=\"text-align: start;\"><span style=\"text-align: justify;\">La Asociaci\u00f3n de Apicultores de los EAU, junto con la delegaci\u00f3n oficial emirat\u00ed, invita cordialmente a apicultores, investigadores, l\u00edderes del sector y entusiastas de la miel de todo el mundo a unirse a nosotros en la celebraci\u00f3n de la 50\u00aa edici\u00f3n de la&nbsp;<\/span><span style=\"font-weight: bolder; text-align: justify;\">Congreso Ap\u00edcola Internacional Apimondia<\/span><span style=\"text-align: justify;\">, que tendr\u00e1 lugar en&nbsp;<\/span><span style=\"font-weight: bolder; text-align: justify;\">Dubai, Emiratos \u00c1rabes Unidos<\/span><span style=\"text-align: justify;\">.<\/span><\/p>\n<p style=\"text-align: start;\">Nos complace anunciar que el&nbsp;<span style=\"font-weight: bolder;\" data-start=\"236\" data-end=\"280\">50\u00ba Congreso Mundial de Apicultura de APIMONDIA<\/span>&nbsp;se celebrar\u00e1&nbsp;<span style=\"font-weight: bolder;\" data-start=\"294\" data-end=\"334\">del 15 al 19 de noviembre de 2027 en Dubai<\/span>. Esta edici\u00f3n hist\u00f3rica del congreso promete ser una reuni\u00f3n mundial verdaderamente especial para la comunidad ap\u00edcola.<\/p>\n<p style=\"text-align: start;\">Cient\u00edficos, investigadores, expositores, apicultores y todas las partes interesadas de todo el mundo est\u00e1n cordialmente invitados a unirse a nosotros en este acontecimiento hist\u00f3rico. El congreso proporcionar\u00e1 una plataforma excepcional para el intercambio de conocimientos cient\u00edficos, innovaci\u00f3n, mejores pr\u00e1cticas y experiencias en todos los \u00e1mbitos de la apicultura.<\/p>\n<p style=\"text-align: start;\">Dubai, como ciudad anfitriona din\u00e1mica y conectada internacionalmente, ofrece un entorno excelente para la colaboraci\u00f3n, la creaci\u00f3n de redes y la inspiraci\u00f3n. Los participantes podr\u00e1n disfrutar de un rico programa cient\u00edfico, una exposici\u00f3n internacional y numerosas oportunidades para relacionarse con colegas y socios de todos los continentes.<\/p>\n<p style=\"text-align: start;\">Animamos encarecidamente a todos los interesados en participar a&nbsp;<span style=\"font-weight: bolder;\" data-start=\"1147\" data-end=\"1207\">marquen estas fechas en sus calendarios lo antes posible<\/span>&nbsp;y empiecen a planificar su participaci\u00f3n en este acontecimiento excepcional. A su debido tiempo se anunciar\u00e1n m\u00e1s detalles sobre el programa, la inscripci\u00f3n y las oportunidades de exposici\u00f3n.<\/p>\n<p style=\"text-align: start;\">Esperamos darle la bienvenida a Dubai en 2027.<\/p>\t\t\t\t\t\t\t\t<\/div>\n\t\t\t\t<div class=\"elementor-element elementor-element-eacbad4 elementor-widget elementor-widget-video\" data-id=\"eacbad4\" data-element_type=\"widget\" data-e-type=\"widget\" data-settings=\"{&quot;youtube_url&quot;:&quot;https:\\\/\\\/www.youtube.com\\\/watch?v=-TZ7908oMoE&quot;,&quot;video_type&quot;:&quot;youtube&quot;,&quot;controls&quot;:&quot;yes&quot;}\" data-widget_type=\"video.default\">\n\t\t\t\t\t\t\t<div class=\"elementor-wrapper elementor-open-inline\">\n\t\t\t<div class=\"elementor-video\"><\/div>\t\t<\/div>\n\t\t\t\t\t\t<\/div>\n\t\t\t\t<div class=\"elementor-element elementor-element-4da777f elementor-widget elementor-widget-text-editor\" data-id=\"4da777f\" data-element_type=\"widget\" data-e-type=\"widget\" data-widget_type=\"text-editor.default\">\n\t\t\t\t\t\t\t\t\t<p><span style=\"font-size: 1rem;\">Este encuentro hist\u00f3rico reunir\u00e1 a la comunidad ap\u00edcola mundial para compartir conocimientos, fomentar la innovaci\u00f3n y celebrar el papel vital de las abejas en nuestros ecosistemas y econom\u00edas. Con el tel\u00f3n de fondo de la din\u00e1mica mezcla de tradici\u00f3n y modernidad de Dubai, los participantes disfrutar\u00e1n de una hospitalidad de primera clase, presentaciones de investigaciones pioneras e intercambios culturales como en ning\u00fan otro lugar.<\/span><\/p><p>\u00danase a nosotros para dar forma al futuro de la apicultura, \u00a1juntos en Dubai, 2027!<\/p>\t\t\t\t\t\t\t\t<\/div>\n\t\t\t\t<div class=\"elementor-element elementor-element-38fd52f elementor-align-center elementor-widget__width-initial elementor-widget elementor-widget-button\" data-id=\"38fd52f\" data-element_type=\"widget\" data-e-type=\"widget\" data-widget_type=\"button.default\">\n\t\t\t\t\t\t\t\t\t\t<a class=\"elementor-button elementor-button-link elementor-size-sm\" href=\"https:\/\/apimondia2027.org\" target=\"_blank\">\n\t\t\t\t\t\t<span class=\"elementor-button-content-wrapper\">\n\t\t\t\t\t\t\t\t\t<span class=\"elementor-button-text\">Visite el sitio web del Congreso<\/span>\n\t\t\t\t\t<\/span>\n\t\t\t\t\t<\/a>\n\t\t\t\t\t\t\t\t<\/div>\n\t\t\t\t\t<\/div>\n\t\t\t\t<\/div>\n\t\t\t\t<\/div>","protected":false},"excerpt":{"rendered":"<p>Apimondia Congress 2027 15-19 November 2027 &#8211; Dubai, United Arab Emirates The UAE Beekeepers Association, together with the official Emirati delegation, warmly invites beekeepers, researchers, industry leaders, and honey enthusiasts from around the world to join us in celebrating the 50th edition of the&nbsp;Apimondia International Apicultural Congress, set to take place in&nbsp;Dubai, United Arab Emirates. [&hellip;]<\/p>\n","protected":false},"author":2,"featured_media":0,"parent":9,"menu_order":0,"comment_status":"closed","ping_status":"closed","template":"","meta":{"footnotes":""},"class_list":["post-1476","page","type-page","status-publish","hentry"],"aioseo_notices":[],"_links":{"self":[{"href":"https:\/\/apimondia.org\/esp\/wp-json\/wp\/v2\/pages\/1476","targetHints":{"allow":["GET"]}}],"collection":[{"href":"https:\/\/apimondia.org\/esp\/wp-json\/wp\/v2\/pages"}],"about":[{"href":"https:\/\/apimondia.org\/esp\/wp-json\/wp\/v2\/types\/page"}],"author":[{"embeddable":true,"href":"https:\/\/apimondia.org\/esp\/wp-json\/wp\/v2\/users\/2"}],"replies":[{"embeddable":true,"href":"https:\/\/apimondia.org\/esp\/wp-json\/wp\/v2\/comments?post=1476"}],"version-history":[{"count":10,"href":"https:\/\/apimondia.org\/esp\/wp-json\/wp\/v2\/pages\/1476\/revisions"}],"predecessor-version":[{"id":2524,"href":"https:\/\/apimondia.org\/esp\/wp-json\/wp\/v2\/pages\/1476\/revisions\/2524"}],"up":[{"embeddable":true,"href":"https:\/\/apimondia.org\/esp\/wp-json\/wp\/v2\/pages\/9"}],"wp:attachment":[{"href":"https:\/\/apimondia.org\/esp\/wp-json\/wp\/v2\/media?parent=1476"}],"curies":[{"name":"wp","href":"https:\/\/api.w.org\/{rel}","templated":true}]}}