{"id":88,"date":"2025-10-22T11:43:01","date_gmt":"2025-10-22T11:43:01","guid":{"rendered":"https:\/\/apimondia.org\/?page_id=88"},"modified":"2026-02-05T00:22:27","modified_gmt":"2026-02-05T00:22:27","slug":"apitherapy","status":"publish","type":"page","link":"https:\/\/apimondia.org\/esp\/our-work\/apitherapy\/","title":{"rendered":"Apiterapia"},"content":{"rendered":"<div data-elementor-type=\"wp-page\" data-elementor-id=\"88\" class=\"elementor elementor-88\" data-elementor-post-type=\"page\">\n\t\t\t\t<div class=\"elementor-element elementor-element-dbc2b48 e-flex e-con-boxed e-con e-parent\" data-id=\"dbc2b48\" data-element_type=\"container\" data-e-type=\"container\">\n\t\t\t\t\t<div class=\"e-con-inner\">\n\t\t\t\t<div class=\"elementor-element elementor-element-670156d elementor-widget elementor-widget-heading\" data-id=\"670156d\" data-element_type=\"widget\" data-e-type=\"widget\" data-widget_type=\"heading.default\">\n\t\t\t\t\t<h1 class=\"elementor-heading-title elementor-size-default\">Apiterapia<\/h1>\t\t\t\t<\/div>\n\t\t\t\t<div class=\"elementor-element elementor-element-4e4ed9e elementor-widget-divider--view-line elementor-widget elementor-widget-divider\" data-id=\"4e4ed9e\" data-element_type=\"widget\" data-e-type=\"widget\" data-widget_type=\"divider.default\">\n\t\t\t\t\t\t\t<div class=\"elementor-divider\">\n\t\t\t<span class=\"elementor-divider-separator\">\n\t\t\t\t\t\t<\/span>\n\t\t<\/div>\n\t\t\t\t\t\t<\/div>\n\t\t\t\t\t<\/div>\n\t\t\t\t<\/div>\n\t\t<div class=\"elementor-element elementor-element-6fe55de e-flex e-con-boxed e-con e-parent\" data-id=\"6fe55de\" data-element_type=\"container\" data-e-type=\"container\">\n\t\t\t\t\t<div class=\"e-con-inner\">\n\t\t<div class=\"elementor-element elementor-element-73ce6e3 e-con-full e-flex e-con e-child\" data-id=\"73ce6e3\" data-element_type=\"container\" data-e-type=\"container\">\n\t\t<div class=\"elementor-element elementor-element-7266629 e-con-full e-flex e-con e-child\" data-id=\"7266629\" data-element_type=\"container\" data-e-type=\"container\">\n\t\t\t\t<div class=\"elementor-element elementor-element-de69932 elementor-widget elementor-widget-heading\" data-id=\"de69932\" data-element_type=\"widget\" data-e-type=\"widget\" data-widget_type=\"heading.default\">\n\t\t\t\t\t<h2 class=\"elementor-heading-title elementor-size-default\">La importancia de la apiterapia<\/h2>\t\t\t\t<\/div>\n\t\t\t\t<div class=\"elementor-element elementor-element-22e4de3 elementor-widget__width-initial elementor-widget elementor-widget-text-editor\" data-id=\"22e4de3\" data-element_type=\"widget\" data-e-type=\"widget\" data-widget_type=\"text-editor.default\">\n\t\t\t\t\t\t\t\t\t<p>La apiterapia es un enfoque m\u00e9dico natural y una parte reconocida de la medicina integrativa. Se basa en el uso de productos procedentes de la colmena.<\/p><p>En distintas partes del mundo, la apiterapia se practica y regula de diversas maneras. El t\u00e9rmino <em>apiterapia<\/em> fue acu\u00f1ado en Estados Unidos en 1935 por el Dr. Bodog F. Beck. En aquella \u00e9poca, se refer\u00eda espec\u00edficamente a la terapia con veneno de abeja mediante picadura directa. Posteriormente, el concepto de apiterapia se ampli\u00f3 y ahora incluye el uso de miel, polen, pan de abeja, prop\u00f3leos, jalea real, cera de abeja, veneno de abeja, larvas de z\u00e1ngano y de reina, abejas obreras secas, larvas de polilla vax, aire de la colmena y todos los dem\u00e1s efectos derivados de la proximidad a una colonia de abejas, como por ejemplo el sonido y la vibraci\u00f3n.<\/p><p>Como parte de la medicina integrativa, la apiterapia est\u00e1 regulada de forma diferente seg\u00fan los pa\u00edses. En algunos pa\u00edses, tras obtener un t\u00edtulo universitario de medicina, los investigadores pueden cursar estudios de doctorado en el campo de la apiterapia. En otros pa\u00edses, las universidades de medicina ofrecen cursos de apiterapia, mientras que en otros lugares diversas universidades imparten programas complementarios o de formaci\u00f3n continua. En algunas regiones, la apiterapia se practica dentro de la profesi\u00f3n de naturopat\u00eda.<\/p><p>La investigaci\u00f3n, incluidos los ensayos cl\u00ednicos controlados y aleatorizados, ha demostrado los efectos positivos de la apiterapia, incluso durante el periodo COVID-19.<\/p><p>Como m\u00e9todo terap\u00e9utico natural, la apiterapia puede aportar importantes beneficios a personas de todas las edades, desde ni\u00f1os hasta ancianos, pasando por adultos. Su aplicaci\u00f3n abarca desde el uso cotidiano (<em>api-nutrici\u00f3n<\/em>) mediante la prevenci\u00f3n, el tratamiento y la rehabilitaci\u00f3n.<\/p><p>El desarrollo de conocimientos en apiterapia abarca todos los niveles: investigaci\u00f3n b\u00e1sica, investigaci\u00f3n de las propiedades de los productos ap\u00edcolas, estudios de casos y ensayos cl\u00ednicos. Estas actividades aumentan el valor de los productos ap\u00edcolas y contribuyen a una mayor apreciaci\u00f3n del trabajo de los apicultores.<\/p><p>Nuestro enfoque se basa en el conocimiento colectivo de las organizaciones miembros de Apimondia en todo el mundo. Al conectar experiencias y conocimientos diversos, fomentamos la sinergia, donde el conocimiento combinado crea m\u00e1s valor que las contribuciones individuales por s\u00ed solas.<\/p>\t\t\t\t\t\t\t\t<\/div>\n\t\t\t\t<div class=\"elementor-element elementor-element-e6d5c65 elementor-widget elementor-widget-heading\" data-id=\"e6d5c65\" data-element_type=\"widget\" data-e-type=\"widget\" data-widget_type=\"heading.default\">\n\t\t\t\t\t<h2 class=\"elementor-heading-title elementor-size-default\">Nuestro enfoque<\/h2>\t\t\t\t<\/div>\n\t\t\t\t<div class=\"elementor-element elementor-element-6623638 elementor-widget elementor-widget-text-editor\" data-id=\"6623638\" data-element_type=\"widget\" data-e-type=\"widget\" data-widget_type=\"text-editor.default\">\n\t\t\t\t\t\t\t\t\t<p>Nuestra misi\u00f3n es ayudar a las personas a adquirir conocimientos fiables y basados en pruebas sobre la apiterapia como enfoque natural de la salud. Nuestro objetivo es aumentar la concienciaci\u00f3n y la apreciaci\u00f3n de los productos de la colmena y su papel en el apoyo a la salud, el equilibrio y la longevidad, tanto para los seres humanos como para los animales, en armon\u00eda con la visi\u00f3n de la Organizaci\u00f3n Mundial de la Salud sobre la medicina integrativa.<\/p>\t\t\t\t\t\t\t\t<\/div>\n\t\t\t\t<div class=\"elementor-element elementor-element-2d54c57 elementor-widget elementor-widget-heading\" data-id=\"2d54c57\" data-element_type=\"widget\" data-e-type=\"widget\" data-widget_type=\"heading.default\">\n\t\t\t\t\t<h2 class=\"elementor-heading-title elementor-size-default\">Nuestros valores<\/h2>\t\t\t\t<\/div>\n\t\t\t\t<div class=\"elementor-element elementor-element-1a9fb51 elementor-widget elementor-widget-text-editor\" data-id=\"1a9fb51\" data-element_type=\"widget\" data-e-type=\"widget\" data-widget_type=\"text-editor.default\">\n\t\t\t\t\t\t\t\t\t<ul><li>Valoramos la integridad cient\u00edfica y los conocimientos basados en pruebas, al tiempo que respetamos la sabidur\u00eda de las pr\u00e1cticas tradicionales.<\/li><li>Creemos en el uso responsable y \u00e9tico de los productos de la colmena, con respeto por la naturaleza, las abejas y la biodiversidad.<\/li><li>Apoyamos la colaboraci\u00f3n entre investigadores, profesionales sanitarios, apicultores y educadores de todo el mundo.<\/li><li>Estamos comprometidos con la educaci\u00f3n, la transparencia y el intercambio de conocimientos en beneficio de la salud humana y animal.<\/li><li>Reconocemos y honramos el trabajo de los apicultores, cuya dedicaci\u00f3n es esencial para la calidad y sostenibilidad de la apiterapia.<\/li><\/ul>\t\t\t\t\t\t\t\t<\/div>\n\t\t\t\t<div class=\"elementor-element elementor-element-149a649 elementor-widget elementor-widget-image\" data-id=\"149a649\" data-element_type=\"widget\" data-e-type=\"widget\" data-widget_type=\"image.default\">\n\t\t\t\t\t\t\t\t\t\t\t\t\t\t\t<img fetchpriority=\"high\" decoding=\"async\" width=\"600\" height=\"600\" src=\"https:\/\/apimondia.org\/wp-content\/uploads\/2026\/01\/apitherapy-3-2.png\" class=\"attachment-large size-large wp-image-2369\" alt=\"\" srcset=\"https:\/\/apimondia.org\/wp-content\/uploads\/2026\/01\/apitherapy-3-2.png 600w, https:\/\/apimondia.org\/wp-content\/uploads\/2026\/01\/apitherapy-3-2-12x12.png 12w\" sizes=\"(max-width: 600px) 100vw, 600px\" \/>\t\t\t\t\t\t\t\t\t\t\t\t\t\t\t<\/div>\n\t\t\t\t<div class=\"elementor-element elementor-element-de391f8 elementor-widget elementor-widget-heading\" data-id=\"de391f8\" data-element_type=\"widget\" data-e-type=\"widget\" data-widget_type=\"heading.default\">\n\t\t\t\t\t<h2 class=\"elementor-heading-title elementor-size-default\">Los efectos de la apiterapia<\/h2>\t\t\t\t<\/div>\n\t\t\t\t<div class=\"elementor-element elementor-element-f9d415f elementor-widget elementor-widget-text-editor\" data-id=\"f9d415f\" data-element_type=\"widget\" data-e-type=\"widget\" data-widget_type=\"text-editor.default\">\n\t\t\t\t\t\t\t\t\t<p>Los efectos de la apiterapia pueden clasificarse en varios niveles:<\/p><ol><li><strong>Ensayos cl\u00ednicos.<\/strong>Estos ensayos utilizan observaciones muy precisas y datos estad\u00edsticamente significativos de los pacientes para demostrar la eficacia de un m\u00e9todo de tratamiento.<\/li><li><strong>Casos pr\u00e1cticos.<\/strong>\u00c9stos demuestran efectos en pacientes en los que el terapeuta procesa uno o varios casos individuales.<\/li><li><strong>Experimentos con animales.<\/strong>Aqu\u00ed se observa un mecanismo de acci\u00f3n o eficacia espec\u00edfico.<\/li><li><strong>Observaciones tradicionales\/folk.<\/strong>Se trata de casos recogidos en la literatura popular o con una base hist\u00f3rica. Son similares a la categor\u00eda de medicamentos tradicionales a base de plantas de la UE, en los que la indicaci\u00f3n se basa en un uso bien establecido, generalmente conocido y extendido desde hace m\u00e1s de 15 a\u00f1os (como la infusi\u00f3n de manzanilla).<\/li><li><strong>Observaciones en cultivos celulares o l\u00edneas gen\u00e9ticas.<\/strong>Estos estudios constituyen el pilar fundamental de todos los experimentos de nivel superior.<\/li><\/ol><p>El nivel cient\u00edfico m\u00e1s elevado est\u00e1 representado por\u00a0<strong>revisiones sistem\u00e1ticas<\/strong>, que filtran y extraen conclusiones sometiendo a una cr\u00edtica detallada ensayos cl\u00ednicos repetidos que investigan el mismo fen\u00f3meno, idealmente realizados de forma independiente en m\u00faltiples centros. En este caso, una investigaci\u00f3n organizativa verdaderamente independiente podr\u00eda ofrecer una garant\u00eda.<\/p><p>La apiterapia est\u00e1 estrechamente vinculada a otros \u00e1mbitos de las abejas y la apicultura. Lograr excelentes efectos sobre la salud s\u00f3lo es posible con:<\/p><ul><li><strong>Materias primas de alta calidad<\/strong>(Calidad),<\/li><li><strong>Productos debidamente preparados,<\/strong><\/li><li>Materias primas producidas por\u00a0<strong>abejas sanas y libres de contaminaci\u00f3n<\/strong>(salud) en un\u00a0<strong>un entorno adecuado y seguro<\/strong>\u00a0(Desarrollo rural) de\u00a0<strong>flores no contaminadas<\/strong>\u00a0(polinizaci\u00f3n).<\/li><\/ul><p>En consecuencia, las aplicaciones apiterap\u00e9uticas requieren una amplia base de conocimientos, adem\u00e1s de atenerse a las distintas normativas legales de cada pa\u00eds.<\/p>\t\t\t\t\t\t\t\t<\/div>\n\t\t\t\t<div class=\"elementor-element elementor-element-98498b0 elementor-widget elementor-widget-image\" data-id=\"98498b0\" data-element_type=\"widget\" data-e-type=\"widget\" data-widget_type=\"image.default\">\n\t\t\t\t\t\t\t\t\t\t\t\t\t\t\t<img decoding=\"async\" width=\"600\" height=\"600\" src=\"https:\/\/apimondia.org\/wp-content\/uploads\/2026\/01\/apitherapy-2-3.png\" class=\"attachment-large size-large wp-image-2370\" alt=\"\" srcset=\"https:\/\/apimondia.org\/wp-content\/uploads\/2026\/01\/apitherapy-2-3.png 600w, https:\/\/apimondia.org\/wp-content\/uploads\/2026\/01\/apitherapy-2-3-12x12.png 12w\" sizes=\"(max-width: 600px) 100vw, 600px\" \/>\t\t\t\t\t\t\t\t\t\t\t\t\t\t\t<\/div>\n\t\t\t\t<\/div>\n\t\t<div class=\"elementor-element elementor-element-12df1ff e-con-full e-flex e-con e-child\" data-id=\"12df1ff\" data-element_type=\"container\" data-e-type=\"container\">\n\t\t\t\t<div class=\"elementor-element elementor-element-8194dff elementor-widget elementor-widget-heading\" data-id=\"8194dff\" data-element_type=\"widget\" data-e-type=\"widget\" data-widget_type=\"heading.default\">\n\t\t\t\t\t<h4 class=\"elementor-heading-title elementor-size-default\">Presidente de la Comisi\u00f3n de Apiterapia de Apimondia<\/h4>\t\t\t\t<\/div>\n\t\t\t\t<div class=\"elementor-element elementor-element-71f47c0 elementor-widget elementor-widget-text-editor\" data-id=\"71f47c0\" data-element_type=\"widget\" data-e-type=\"widget\" data-widget_type=\"text-editor.default\">\n\t\t\t\t\t\t\t\t\t<p><strong>Dr. J\u00e1nos K\u00f6rmendy-R\u00e1cz<\/strong><br \/>Vicepresidente del Comit\u00e9 de la Especialidad de Apiterapia de la Federaci\u00f3n Mundial de Asociaciones de Medicina China<br \/>Presidente de la Asociaci\u00f3n H\u00fangara de Apiterapia<\/p><p>Hungr\u00eda<\/p>\t\t\t\t\t\t\t\t<\/div>\n\t\t\t\t<div class=\"elementor-element elementor-element-f2e2b45 elementor-icon-list--layout-traditional elementor-list-item-link-full_width elementor-widget elementor-widget-icon-list\" data-id=\"f2e2b45\" data-element_type=\"widget\" data-e-type=\"widget\" data-widget_type=\"icon-list.default\">\n\t\t\t\t\t\t\t<ul class=\"elementor-icon-list-items\">\n\t\t\t\t\t\t\t<li class=\"elementor-icon-list-item\">\n\t\t\t\t\t\t\t\t\t\t\t<span class=\"elementor-icon-list-icon\">\n\t\t\t\t\t\t\t<svg aria-hidden=\"true\" class=\"e-font-icon-svg e-fas-envelope\" viewbox=\"0 0 512 512\" xmlns=\"http:\/\/www.w3.org\/2000\/svg\"><path d=\"M502.3 190.8c3.9-3.1 9.7-.2 9.7 4.7V400c0 26.5-21.5 48-48 48H48c-26.5 0-48-21.5-48-48V195.6c0-5 5.7-7.8 9.7-4.7 22.4 17.4 52.1 39.5 154.1 113.6 21.1 15.4 56.7 47.8 92.2 47.6 35.7.3 72-32.8 92.3-47.6 102-74.1 131.6-96.3 154-113.7zM256 320c23.2.4 56.6-29.2 73.4-41.4 132.7-96.3 142.8-104.7 173.4-128.7 5.8-4.5 9.2-11.5 9.2-18.9v-19c0-26.5-21.5-48-48-48H48C21.5 64 0 85.5 0 112v19c0 7.4 3.4 14.3 9.2 18.9 30.6 23.9 40.7 32.4 173.4 128.7 16.8 12.2 50.2 41.8 73.4 41.4z\"><\/path><\/svg>\t\t\t\t\t\t<\/span>\n\t\t\t\t\t\t\t\t\t\t<span class=\"elementor-icon-list-text\">apitherapy@apimondia.org<\/span>\n\t\t\t\t\t\t\t\t\t<\/li>\n\t\t\t\t\t\t<\/ul>\n\t\t\t\t\t\t<\/div>\n\t\t\t\t<div class=\"elementor-element elementor-element-87dc52f elementor-widget elementor-widget-heading\" data-id=\"87dc52f\" data-element_type=\"widget\" data-e-type=\"widget\" data-widget_type=\"heading.default\">\n\t\t\t\t\t<h4 class=\"elementor-heading-title elementor-size-default\">Miembros de la Comisi\u00f3n<\/h4>\t\t\t\t<\/div>\n\t\t\t\t<div class=\"elementor-element elementor-element-a803dcf elementor-widget elementor-widget-text-editor\" data-id=\"a803dcf\" data-element_type=\"widget\" data-e-type=\"widget\" data-widget_type=\"text-editor.default\">\n\t\t\t\t\t\t\t\t\t<p><strong>Dra. Cristina Mateescu PhD.<\/strong><\/p><p>2015 - 2023 Presidente de la Comisi\u00f3n Cient\u00edfica de Apiterapia de APIMONDIA<br \/>2016 - Instituto Nacional de Investigaci\u00f3n y Desarrollo de Biorecursos Alimentarios - IBA Bucarest<br \/>2011 - 2015 vicepresidente de la Comisi\u00f3n Cient\u00edfica de Apiterapia<br \/>2010 - Instituto de Investigaci\u00f3n y Desarrollo Ap\u00edcola<\/p>\t\t\t\t\t\t\t\t<\/div>\n\t\t\t\t<div class=\"elementor-element elementor-element-46ed94c elementor-widget elementor-widget-text-editor\" data-id=\"46ed94c\" data-element_type=\"widget\" data-e-type=\"widget\" data-widget_type=\"text-editor.default\">\n\t\t\t\t\t\t\t\t\t<p><strong>Profesor Li Wanyao<\/strong><\/p><p>Profesor de Medicina Tradicional China, Universidad de Medicina China de Guangzhou, supervisor de doctorado.<\/p>\t\t\t\t\t\t\t\t<\/div>\n\t\t\t\t<div class=\"elementor-element elementor-element-f5b453f elementor-widget elementor-widget-text-editor\" data-id=\"f5b453f\" data-element_type=\"widget\" data-e-type=\"widget\" data-widget_type=\"text-editor.default\">\n\t\t\t\t\t\t\t\t\t<p><strong>Prof. Dr. Badiaa Lyoussi<\/strong><br \/>Jefe del Laboratorio de Sustancias Naturales, Farmacolog\u00eda, Medio Ambiente, Modelizaci\u00f3n, Salud y Calidad de Vida (SNAMOPEQ), <br \/>Universidad Sidi Mohamed Ben Abdallah, Fez<\/p>\t\t\t\t\t\t\t\t<\/div>\n\t\t\t\t<div class=\"elementor-element elementor-element-7495fd1 elementor-widget elementor-widget-text-editor\" data-id=\"7495fd1\" data-element_type=\"widget\" data-e-type=\"widget\" data-widget_type=\"text-editor.default\">\n\t\t\t\t\t\t\t\t\t<p><strong>dr. MD. Cristina Aosan<\/strong><\/p>\t\t\t\t\t\t\t\t<\/div>\n\t\t\t\t<div class=\"elementor-element elementor-element-72bbe58 elementor-widget elementor-widget-text-editor\" data-id=\"72bbe58\" data-element_type=\"widget\" data-e-type=\"widget\" data-widget_type=\"text-editor.default\">\n\t\t\t\t\t\t\t\t\t<p><strong>Dr. Nicolas Cardinault PhD. <\/strong><br \/>Doctor en nutrici\u00f3n humana por la facultad de medicina de Clermont-ferrand, Francia<\/p>\t\t\t\t\t\t\t\t<\/div>\n\t\t\t\t<div class=\"elementor-element elementor-element-0ae17ac elementor-widget elementor-widget-text-editor\" data-id=\"0ae17ac\" data-element_type=\"widget\" data-e-type=\"widget\" data-widget_type=\"text-editor.default\">\n\t\t\t\t\t\t\t\t\t<p><strong>Asst. Prof. Dr. MD. Ali Timu\u00e7in Atayo\u011flu<\/strong><br \/>Universidad Medipol, Estambul<\/p>\t\t\t\t\t\t\t\t<\/div>\n\t\t\t\t<div class=\"elementor-element elementor-element-e6bdc2c elementor-widget elementor-widget-text-editor\" data-id=\"e6bdc2c\" data-element_type=\"widget\" data-e-type=\"widget\" data-widget_type=\"text-editor.default\">\n\t\t\t\t\t\t\t\t\t<p><strong>Dra. Vet. Mar\u00eda Alejandra L\u00f3pez Pazos <\/strong><br \/>M\u00e9dico veterinario<br \/>Diplomada en Medicina China; Apiterapeuta<\/p>\t\t\t\t\t\t\t\t<\/div>\n\t\t\t\t<div class=\"elementor-element elementor-element-7952761 elementor-icon-list--layout-traditional elementor-list-item-link-full_width elementor-widget elementor-widget-icon-list\" data-id=\"7952761\" data-element_type=\"widget\" data-e-type=\"widget\" data-widget_type=\"icon-list.default\">\n\t\t\t\t\t\t\t<ul class=\"elementor-icon-list-items\">\n\t\t\t\t\t\t\t<li class=\"elementor-icon-list-item\">\n\t\t\t\t\t\t\t\t\t\t\t<a href=\"https:\/\/apys.info\/index.php\/scientific-commission-on-apitherapy\/\">\n\n\t\t\t\t\t\t\t\t\t\t\t\t<span class=\"elementor-icon-list-icon\">\n\t\t\t\t\t\t\t<svg aria-hidden=\"true\" class=\"e-font-icon-svg e-fas-link\" viewbox=\"0 0 512 512\" xmlns=\"http:\/\/www.w3.org\/2000\/svg\"><path d=\"M326.612 185.391c59.747 59.809 58.927 155.698.36 214.59-.11.12-.24.25-.36.37l-67.2 67.2c-59.27 59.27-155.699 59.262-214.96 0-59.27-59.26-59.27-155.7 0-214.96l37.106-37.106c9.84-9.84 26.786-3.3 27.294 10.606.648 17.722 3.826 35.527 9.69 52.721 1.986 5.822.567 12.262-3.783 16.612l-13.087 13.087c-28.026 28.026-28.905 73.66-1.155 101.96 28.024 28.579 74.086 28.749 102.325.51l67.2-67.19c28.191-28.191 28.073-73.757 0-101.83-3.701-3.694-7.429-6.564-10.341-8.569a16.037 16.037 0 0 1-6.947-12.606c-.396-10.567 3.348-21.456 11.698-29.806l21.054-21.055c5.521-5.521 14.182-6.199 20.584-1.731a152.482 152.482 0 0 1 20.522 17.197zM467.547 44.449c-59.261-59.262-155.69-59.27-214.96 0l-67.2 67.2c-.12.12-.25.25-.36.37-58.566 58.892-59.387 154.781.36 214.59a152.454 152.454 0 0 0 20.521 17.196c6.402 4.468 15.064 3.789 20.584-1.731l21.054-21.055c8.35-8.35 12.094-19.239 11.698-29.806a16.037 16.037 0 0 0-6.947-12.606c-2.912-2.005-6.64-4.875-10.341-8.569-28.073-28.073-28.191-73.639 0-101.83l67.2-67.19c28.239-28.239 74.3-28.069 102.325.51 27.75 28.3 26.872 73.934-1.155 101.96l-13.087 13.087c-4.35 4.35-5.769 10.79-3.783 16.612 5.864 17.194 9.042 34.999 9.69 52.721.509 13.906 17.454 20.446 27.294 10.606l37.106-37.106c59.271-59.259 59.271-155.699.001-214.959z\"><\/path><\/svg>\t\t\t\t\t\t<\/span>\n\t\t\t\t\t\t\t\t\t\t<span class=\"elementor-icon-list-text\">Todos los miembros de la Comisi\u00f3n<\/span>\n\t\t\t\t\t\t\t\t\t\t\t<\/a>\n\t\t\t\t\t\t\t\t\t<\/li>\n\t\t\t\t\t\t<\/ul>\n\t\t\t\t\t\t<\/div>\n\t\t\t\t<\/div>\n\t\t\t\t<\/div>\n\t\t\t\t\t<\/div>\n\t\t\t\t<\/div>\n\t\t<div class=\"elementor-element elementor-element-d4ca919 e-flex e-con-boxed e-con e-parent\" data-id=\"d4ca919\" data-element_type=\"container\" data-e-type=\"container\">\n\t\t\t\t\t<div class=\"e-con-inner\">\n\t\t\t\t\t<\/div>\n\t\t\t\t<\/div>\n\t\t\t\t<\/div>","protected":false},"excerpt":{"rendered":"<p>Apitherapy The importance of apitherapy Apitherapy is a natural medical approach and a recognized part of integrative medicine. It is based on the use of products originating from the beehive. In different parts of the world, apitherapy is practiced and regulated in various ways. The term apitherapy was coined in the United States in 1935 [&hellip;]<\/p>\n","protected":false},"author":1,"featured_media":0,"parent":10,"menu_order":0,"comment_status":"closed","ping_status":"closed","template":"","meta":{"footnotes":""},"class_list":["post-88","page","type-page","status-publish","hentry"],"aioseo_notices":[],"_links":{"self":[{"href":"https:\/\/apimondia.org\/esp\/wp-json\/wp\/v2\/pages\/88","targetHints":{"allow":["GET"]}}],"collection":[{"href":"https:\/\/apimondia.org\/esp\/wp-json\/wp\/v2\/pages"}],"about":[{"href":"https:\/\/apimondia.org\/esp\/wp-json\/wp\/v2\/types\/page"}],"author":[{"embeddable":true,"href":"https:\/\/apimondia.org\/esp\/wp-json\/wp\/v2\/users\/1"}],"replies":[{"embeddable":true,"href":"https:\/\/apimondia.org\/esp\/wp-json\/wp\/v2\/comments?post=88"}],"version-history":[{"count":25,"href":"https:\/\/apimondia.org\/esp\/wp-json\/wp\/v2\/pages\/88\/revisions"}],"predecessor-version":[{"id":2380,"href":"https:\/\/apimondia.org\/esp\/wp-json\/wp\/v2\/pages\/88\/revisions\/2380"}],"up":[{"embeddable":true,"href":"https:\/\/apimondia.org\/esp\/wp-json\/wp\/v2\/pages\/10"}],"wp:attachment":[{"href":"https:\/\/apimondia.org\/esp\/wp-json\/wp\/v2\/media?parent=88"}],"curies":[{"name":"wp","href":"https:\/\/api.w.org\/{rel}","templated":true}]}}