{"id":987,"date":"2025-11-21T10:52:39","date_gmt":"2025-11-21T10:52:39","guid":{"rendered":"https:\/\/apimondia.org\/?page_id=987"},"modified":"2026-02-08T11:24:58","modified_gmt":"2026-02-08T11:24:58","slug":"economy","status":"publish","type":"page","link":"https:\/\/apimondia.org\/esp\/our-work\/economy\/","title":{"rendered":"Econom\u00eda"},"content":{"rendered":"<div data-elementor-type=\"wp-page\" data-elementor-id=\"987\" class=\"elementor elementor-987\" data-elementor-post-type=\"page\">\n\t\t\t\t<div class=\"elementor-element elementor-element-fcfe9dd e-flex e-con-boxed e-con e-parent\" data-id=\"fcfe9dd\" data-element_type=\"container\" data-e-type=\"container\">\n\t\t\t\t\t<div class=\"e-con-inner\">\n\t\t\t\t<div class=\"elementor-element elementor-element-85e31db elementor-widget elementor-widget-heading\" data-id=\"85e31db\" data-element_type=\"widget\" data-e-type=\"widget\" data-widget_type=\"heading.default\">\n\t\t\t\t\t<h1 class=\"elementor-heading-title elementor-size-default\">Econom\u00eda<\/h1>\t\t\t\t<\/div>\n\t\t\t\t<div class=\"elementor-element elementor-element-30fc929 elementor-widget-divider--view-line elementor-widget elementor-widget-divider\" data-id=\"30fc929\" data-element_type=\"widget\" data-e-type=\"widget\" data-widget_type=\"divider.default\">\n\t\t\t\t\t\t\t<div class=\"elementor-divider\">\n\t\t\t<span class=\"elementor-divider-separator\">\n\t\t\t\t\t\t<\/span>\n\t\t<\/div>\n\t\t\t\t\t\t<\/div>\n\t\t\t\t\t<\/div>\n\t\t\t\t<\/div>\n\t\t<div class=\"elementor-element elementor-element-9510151 e-flex e-con-boxed e-con e-parent\" data-id=\"9510151\" data-element_type=\"container\" data-e-type=\"container\">\n\t\t\t\t\t<div class=\"e-con-inner\">\n\t\t<div class=\"elementor-element elementor-element-e45e3aa e-con-full e-flex e-con e-child\" data-id=\"e45e3aa\" data-element_type=\"container\" data-e-type=\"container\">\n\t\t<div class=\"elementor-element elementor-element-4955e91 e-con-full e-flex e-con e-child\" data-id=\"4955e91\" data-element_type=\"container\" data-e-type=\"container\">\n\t\t\t\t<div class=\"elementor-element elementor-element-c11cd07 elementor-widget elementor-widget-heading\" data-id=\"c11cd07\" data-element_type=\"widget\" data-e-type=\"widget\" data-widget_type=\"heading.default\">\n\t\t\t\t\t<h2 class=\"elementor-heading-title elementor-size-default\">Promoci\u00f3n de los productos de la colmena<\/h2>\t\t\t\t<\/div>\n\t\t\t\t<div class=\"elementor-element elementor-element-c7489f8 elementor-widget elementor-widget-text-editor\" data-id=\"c7489f8\" data-element_type=\"widget\" data-e-type=\"widget\" data-widget_type=\"text-editor.default\">\n\t\t\t\t\t\t\t\t\t<p>En la actualidad, la sostenibilidad econ\u00f3mica de muchas explotaciones ap\u00edcolas de todo el mundo se ve amenazada por la disminuci\u00f3n del rendimiento de las colmenas debido al deterioro del medio ambiente, el aumento de los costes de producci\u00f3n y la insuficiencia de los precios de los productos ap\u00edcolas aut\u00e9nticos, causada principalmente por diferentes modalidades de fraude en la miel. Mientras persistan la adulteraci\u00f3n por motivos econ\u00f3micos, el fraude aduanero y la violaci\u00f3n de las leyes comerciales internacionales y nacionales, seguir\u00e1n en peligro el bienestar y la estabilidad de los apicultores del mundo, la seguridad alimentaria y la sostenibilidad ecol\u00f3gica. Al tiempo que se maximizan los esfuerzos en la lucha contra el fraude de la miel, la comunidad ap\u00edcola mundial tambi\u00e9n necesita urgentemente retomar una agenda positiva y proactiva para ayudar a proteger el prestigio de este alimento ancestral, tan relacionado con la naturaleza y la salud humana.<\/p>\t\t\t\t\t\t\t\t<\/div>\n\t\t\t\t<div class=\"elementor-element elementor-element-ce8173c elementor-widget elementor-widget-image\" data-id=\"ce8173c\" data-element_type=\"widget\" data-e-type=\"widget\" data-widget_type=\"image.default\">\n\t\t\t\t\t\t\t\t\t\t\t\t\t\t\t<img fetchpriority=\"high\" decoding=\"async\" width=\"1000\" height=\"750\" src=\"https:\/\/apimondia.org\/wp-content\/uploads\/2026\/02\/DRUMS-22.jpg\" class=\"attachment-large size-large wp-image-2499\" alt=\"\" srcset=\"https:\/\/apimondia.org\/wp-content\/uploads\/2026\/02\/DRUMS-22.jpg 1000w, https:\/\/apimondia.org\/wp-content\/uploads\/2026\/02\/DRUMS-22-400x300.jpg 400w, https:\/\/apimondia.org\/wp-content\/uploads\/2026\/02\/DRUMS-22-768x576.jpg 768w, https:\/\/apimondia.org\/wp-content\/uploads\/2026\/02\/DRUMS-22-16x12.jpg 16w\" sizes=\"(max-width: 1000px) 100vw, 1000px\" \/>\t\t\t\t\t\t\t\t\t\t\t\t\t\t\t<\/div>\n\t\t\t\t<div class=\"elementor-element elementor-element-18b7c2c elementor-widget elementor-widget-heading\" data-id=\"18b7c2c\" data-element_type=\"widget\" data-e-type=\"widget\" data-widget_type=\"heading.default\">\n\t\t\t\t\t<h2 class=\"elementor-heading-title elementor-size-default\">Nuestro enfoque<\/h2>\t\t\t\t<\/div>\n\t\t\t\t<div class=\"elementor-element elementor-element-3b80f9a elementor-widget__width-initial elementor-widget elementor-widget-text-editor\" data-id=\"3b80f9a\" data-element_type=\"widget\" data-e-type=\"widget\" data-widget_type=\"text-editor.default\">\n\t\t\t\t\t\t\t\t\t<p>Apimondia promueve el desarrollo de aut\u00e9nticos productos de la colmena y todo tipo de actividades comerciales justas relacionadas con las abejas. Los temas relacionados con la econom\u00eda que tratamos son: gesti\u00f3n (colmenares, industria), productos (calidad, comercializaci\u00f3n), mercados (nacional, comercio internacional), promoci\u00f3n de ventas, nuevos productos y negocios, medio ambiente (seguridad alimentaria, sostenibilidad econ\u00f3mica), historia, educaci\u00f3n, organizaciones sectoriales (para el fortalecimiento de la econom\u00eda ap\u00edcola) y comunicaci\u00f3n.<\/p><p>Dentro de la Comisi\u00f3n, el trabajo se estructura adem\u00e1s a trav\u00e9s de <strong data-start=\"684\" data-end=\"716\">dos subcomisiones especializadas<\/strong>, que se centran en \u00e1reas tem\u00e1ticas espec\u00edficas y apoyan la ejecuci\u00f3n eficaz de estas actividades.<\/p>\t\t\t\t\t\t\t\t<\/div>\n\t\t\t\t<div class=\"elementor-element elementor-element-797635b elementor-widget elementor-widget-image\" data-id=\"797635b\" data-element_type=\"widget\" data-e-type=\"widget\" data-widget_type=\"image.default\">\n\t\t\t\t\t\t\t\t\t\t\t\t\t\t\t<img decoding=\"async\" width=\"1000\" height=\"640\" src=\"https:\/\/apimondia.org\/wp-content\/uploads\/2026\/02\/Beekeeper-4.jpg\" class=\"attachment-large size-large wp-image-2493\" alt=\"\" srcset=\"https:\/\/apimondia.org\/wp-content\/uploads\/2026\/02\/Beekeeper-4.jpg 1000w, https:\/\/apimondia.org\/wp-content\/uploads\/2026\/02\/Beekeeper-4-768x492.jpg 768w, https:\/\/apimondia.org\/wp-content\/uploads\/2026\/02\/Beekeeper-4-18x12.jpg 18w\" sizes=\"(max-width: 1000px) 100vw, 1000px\" \/>\t\t\t\t\t\t\t\t\t\t\t\t\t\t\t<\/div>\n\t\t\t\t<div class=\"elementor-element elementor-element-52c8e68 elementor-widget elementor-widget-heading\" data-id=\"52c8e68\" data-element_type=\"widget\" data-e-type=\"widget\" data-widget_type=\"heading.default\">\n\t\t\t\t\t<h2 class=\"elementor-heading-title elementor-size-default\">Finalidad de la Subcomisi\u00f3n de Expertos Analistas de la Autenticidad de la Miel<\/h2>\t\t\t\t<\/div>\n\t\t\t\t<div class=\"elementor-element elementor-element-867c571 elementor-widget__width-initial elementor-widget elementor-widget-text-editor\" data-id=\"867c571\" data-element_type=\"widget\" data-e-type=\"widget\" data-widget_type=\"text-editor.default\">\n\t\t\t\t\t\t\t\t\t<p>El objetivo de esta subcomisi\u00f3n es proporcionar orientaci\u00f3n cient\u00edfica en relaci\u00f3n con las pruebas de autenticidad de la miel desde una perspectiva de laboratorio. Re\u00fane a un grupo selecto de expertos internacionales, que re\u00fanen conocimientos anal\u00edticos sobre las pruebas de la miel desde diversas perspectivas y posiciones a lo largo de la cadena de suministro de la miel.<\/p><p>Bas\u00e1ndose en su experiencia, la subcomisi\u00f3n se encarga de revisar el estado actual de las pruebas de adulteraci\u00f3n de la miel por motivos econ\u00f3micos, y de realizar evaluaciones de riesgo sobre nuevos factores en la cadena de suministro de la miel que puedan afectar a las pruebas de autenticidad.<\/p><p>La subcomisi\u00f3n siempre tendr\u00e1 en cuenta los nuevos avances, ayudar\u00e1 a actualizar las Declaraciones de APIMONDIA cuando sea necesario y tambi\u00e9n publicar\u00e1 dict\u00e1menes cient\u00edficos sobre las pruebas de autenticidad de la miel.<\/p><p>En la medida de lo necesario, la subcomisi\u00f3n tambi\u00e9n podr\u00e1 considerar en su trabajo acciones no relacionadas con los laboratorios, por ejemplo, la trazabilidad y auditor\u00eda de la miel. Adem\u00e1s de sus miembros cient\u00edficos, la comisi\u00f3n podr\u00e1 invitar a observadores de otras comisiones o subcomisiones de APIMONDIA en calidad de invitados para garantizar el intercambio de conocimientos y opiniones.\u00a0<\/p><p>El l\u00edder del grupo es elegido anualmente por sus miembros.<\/p>\t\t\t\t\t\t\t\t<\/div>\n\t\t\t\t<div class=\"elementor-element elementor-element-be5af7e elementor-widget elementor-widget-image\" data-id=\"be5af7e\" data-element_type=\"widget\" data-e-type=\"widget\" data-widget_type=\"image.default\">\n\t\t\t\t\t\t\t\t\t\t\t\t\t\t\t<img decoding=\"async\" width=\"1000\" height=\"667\" src=\"https:\/\/apimondia.org\/wp-content\/uploads\/2026\/02\/HONEY-LAB-11.jpg\" class=\"attachment-large size-large wp-image-2494\" alt=\"\" srcset=\"https:\/\/apimondia.org\/wp-content\/uploads\/2026\/02\/HONEY-LAB-11.jpg 1000w, https:\/\/apimondia.org\/wp-content\/uploads\/2026\/02\/HONEY-LAB-11-768x512.jpg 768w, https:\/\/apimondia.org\/wp-content\/uploads\/2026\/02\/HONEY-LAB-11-18x12.jpg 18w\" sizes=\"(max-width: 1000px) 100vw, 1000px\" \/>\t\t\t\t\t\t\t\t\t\t\t\t\t\t\t<\/div>\n\t\t\t\t<div class=\"elementor-element elementor-element-393c807 elementor-widget elementor-widget-heading\" data-id=\"393c807\" data-element_type=\"widget\" data-e-type=\"widget\" data-widget_type=\"heading.default\">\n\t\t\t\t\t<h2 class=\"elementor-heading-title elementor-size-default\">Subcomisi\u00f3n de Apicultura Profesional<\/h2>\t\t\t\t<\/div>\n\t\t\t\t<div class=\"elementor-element elementor-element-9d3341f elementor-widget__width-initial elementor-widget elementor-widget-text-editor\" data-id=\"9d3341f\" data-element_type=\"widget\" data-e-type=\"widget\" data-widget_type=\"text-editor.default\">\n\t\t\t\t\t\t\t\t\t<p>Esta Subcomisi\u00f3n de Apimondia representa los intereses de los apicultores profesionales.<\/p><p>Los apicultores profesionales son aquellos cuyos ingresos dependen principalmente de las abejas.\u00a0<\/p><p>Las actividades de la Subcomisi\u00f3n son transversales con casi todas las Comisiones Cient\u00edficas y Regionales de Apimondia y tiene una comunicaci\u00f3n cruzada permanente con la Subcomisi\u00f3n de Expertos Anal\u00edticos en Autenticidad de la Miel, ya que la adulteraci\u00f3n por motivos econ\u00f3micos repercute directamente en los precios de la miel y pone en peligro la sostenibilidad de la mayor\u00eda de las operaciones comerciales.\u00a0 \u00a0<\/p><p>Los objetivos estrat\u00e9gicos de la Subcomisi\u00f3n son:<\/p><ul><li style=\"list-style-type: none;\"><ol><li>Reforzar la estabilidad del mercado mediante la fijaci\u00f3n del precio de la miel, la polinizaci\u00f3n y otras oportunidades relacionadas con las abejas mel\u00edferas.<\/li><li>Invertir en innovaci\u00f3n y tecnolog\u00eda para mejorar la rentabilidad.<\/li><li>Mejora de la sostenibilidad y la resistencia medioambiental.<\/li><li>Desarrollo de la mano de obra y representaci\u00f3n de la industria.<\/li><li>Reforzar la confianza del consumidor y el posicionamiento en el mercado.<\/li><\/ol><\/li><\/ul>\t\t\t\t\t\t\t\t<\/div>\n\t\t\t\t<div class=\"elementor-element elementor-element-2273ea4 elementor-widget elementor-widget-image\" data-id=\"2273ea4\" data-element_type=\"widget\" data-e-type=\"widget\" data-widget_type=\"image.default\">\n\t\t\t\t\t\t\t\t\t\t\t\t\t\t\t<img loading=\"lazy\" decoding=\"async\" width=\"1000\" height=\"750\" src=\"https:\/\/apimondia.org\/wp-content\/uploads\/2026\/02\/APIARY-HARVESTED-2.jpg\" class=\"attachment-large size-large wp-image-2500\" alt=\"\" srcset=\"https:\/\/apimondia.org\/wp-content\/uploads\/2026\/02\/APIARY-HARVESTED-2.jpg 1000w, https:\/\/apimondia.org\/wp-content\/uploads\/2026\/02\/APIARY-HARVESTED-2-400x300.jpg 400w, https:\/\/apimondia.org\/wp-content\/uploads\/2026\/02\/APIARY-HARVESTED-2-768x576.jpg 768w, https:\/\/apimondia.org\/wp-content\/uploads\/2026\/02\/APIARY-HARVESTED-2-16x12.jpg 16w\" sizes=\"(max-width: 1000px) 100vw, 1000px\" \/>\t\t\t\t\t\t\t\t\t\t\t\t\t\t\t<\/div>\n\t\t\t\t<\/div>\n\t\t<div class=\"elementor-element elementor-element-e53cb75 e-con-full e-flex e-con e-child\" data-id=\"e53cb75\" data-element_type=\"container\" data-e-type=\"container\">\n\t\t\t\t<div class=\"elementor-element elementor-element-5067a91 elementor-widget elementor-widget-heading\" data-id=\"5067a91\" data-element_type=\"widget\" data-e-type=\"widget\" data-widget_type=\"heading.default\">\n\t\t\t\t\t<h4 class=\"elementor-heading-title elementor-size-default\">Presidente de la Comisi\u00f3n de Econom\u00eda de Apimondia<\/h4>\t\t\t\t<\/div>\n\t\t\t\t<div class=\"elementor-element elementor-element-fbeaf11 elementor-widget elementor-widget-text-editor\" data-id=\"fbeaf11\" data-element_type=\"widget\" data-e-type=\"widget\" data-widget_type=\"text-editor.default\">\n\t\t\t\t\t\t\t\t\t<p><strong>Norberto Luis Garc\u00eda<\/strong><\/p><p>Universidad Nacional del Sur, Bah\u00eda Blanca. ARGENTINA.\u00a0<\/p>\t\t\t\t\t\t\t\t<\/div>\n\t\t\t\t<div class=\"elementor-element elementor-element-c40755b elementor-icon-list--layout-traditional elementor-list-item-link-full_width elementor-widget elementor-widget-icon-list\" data-id=\"c40755b\" data-element_type=\"widget\" data-e-type=\"widget\" data-widget_type=\"icon-list.default\">\n\t\t\t\t\t\t\t<ul class=\"elementor-icon-list-items\">\n\t\t\t\t\t\t\t<li class=\"elementor-icon-list-item\">\n\t\t\t\t\t\t\t\t\t\t\t<span class=\"elementor-icon-list-icon\">\n\t\t\t\t\t\t\t<svg aria-hidden=\"true\" class=\"e-font-icon-svg e-fas-envelope\" viewbox=\"0 0 512 512\" xmlns=\"http:\/\/www.w3.org\/2000\/svg\"><path d=\"M502.3 190.8c3.9-3.1 9.7-.2 9.7 4.7V400c0 26.5-21.5 48-48 48H48c-26.5 0-48-21.5-48-48V195.6c0-5 5.7-7.8 9.7-4.7 22.4 17.4 52.1 39.5 154.1 113.6 21.1 15.4 56.7 47.8 92.2 47.6 35.7.3 72-32.8 92.3-47.6 102-74.1 131.6-96.3 154-113.7zM256 320c23.2.4 56.6-29.2 73.4-41.4 132.7-96.3 142.8-104.7 173.4-128.7 5.8-4.5 9.2-11.5 9.2-18.9v-19c0-26.5-21.5-48-48-48H48C21.5 64 0 85.5 0 112v19c0 7.4 3.4 14.3 9.2 18.9 30.6 23.9 40.7 32.4 173.4 128.7 16.8 12.2 50.2 41.8 73.4 41.4z\"><\/path><\/svg>\t\t\t\t\t\t<\/span>\n\t\t\t\t\t\t\t\t\t\t<span class=\"elementor-icon-list-text\">economy@apimondia.org<\/span>\n\t\t\t\t\t\t\t\t\t<\/li>\n\t\t\t\t\t\t<\/ul>\n\t\t\t\t\t\t<\/div>\n\t\t\t\t<div class=\"elementor-element elementor-element-ce0adb9 elementor-widget elementor-widget-heading\" data-id=\"ce0adb9\" data-element_type=\"widget\" data-e-type=\"widget\" data-widget_type=\"heading.default\">\n\t\t\t\t\t<h4 class=\"elementor-heading-title elementor-size-default\">Vicepresidenta y Jefa de la Subcomisi\u00f3n de Expertos Anal\u00edticos sobre la Autenticidad de la Miel<\/h4>\t\t\t\t<\/div>\n\t\t\t\t<div class=\"elementor-element elementor-element-69d12f5 elementor-widget elementor-widget-text-editor\" data-id=\"69d12f5\" data-element_type=\"widget\" data-e-type=\"widget\" data-widget_type=\"text-editor.default\">\n\t\t\t\t\t\t\t\t\t<p><strong>Prof. Dr. Stephan Schwarzinger<\/strong><\/p><p>Gesch\u00e4ftsf\u00fchrer Nordbayerisches NMR Zentrum<br \/>Director del Centro de RMN de Baviera Septentrional (NBNC)<br \/>NBNC - Grupo de Investigaci\u00f3n \u201eCSI - Food Bayreuth\u201c (en ingl\u00e9s)\u201c<\/p><p>Universit\u00e4t Bayreuth, Universitaetsstrasse 30 (NW I), 95447 Bayreuth, Alemania<\/p>\t\t\t\t\t\t\t\t<\/div>\n\t\t\t\t<div class=\"elementor-element elementor-element-057cbaa elementor-icon-list--layout-traditional elementor-list-item-link-full_width elementor-widget elementor-widget-icon-list\" data-id=\"057cbaa\" data-element_type=\"widget\" data-e-type=\"widget\" data-widget_type=\"icon-list.default\">\n\t\t\t\t\t\t\t<ul class=\"elementor-icon-list-items\">\n\t\t\t\t\t\t\t<li class=\"elementor-icon-list-item\">\n\t\t\t\t\t\t\t\t\t\t\t<span class=\"elementor-icon-list-icon\">\n\t\t\t\t\t\t\t<svg aria-hidden=\"true\" class=\"e-font-icon-svg e-fas-envelope\" viewbox=\"0 0 512 512\" xmlns=\"http:\/\/www.w3.org\/2000\/svg\"><path d=\"M502.3 190.8c3.9-3.1 9.7-.2 9.7 4.7V400c0 26.5-21.5 48-48 48H48c-26.5 0-48-21.5-48-48V195.6c0-5 5.7-7.8 9.7-4.7 22.4 17.4 52.1 39.5 154.1 113.6 21.1 15.4 56.7 47.8 92.2 47.6 35.7.3 72-32.8 92.3-47.6 102-74.1 131.6-96.3 154-113.7zM256 320c23.2.4 56.6-29.2 73.4-41.4 132.7-96.3 142.8-104.7 173.4-128.7 5.8-4.5 9.2-11.5 9.2-18.9v-19c0-26.5-21.5-48-48-48H48C21.5 64 0 85.5 0 112v19c0 7.4 3.4 14.3 9.2 18.9 30.6 23.9 40.7 32.4 173.4 128.7 16.8 12.2 50.2 41.8 73.4 41.4z\"><\/path><\/svg>\t\t\t\t\t\t<\/span>\n\t\t\t\t\t\t\t\t\t\t<span class=\"elementor-icon-list-text\">s.schwarzinger@uni-bayreuth.de<\/span>\n\t\t\t\t\t\t\t\t\t<\/li>\n\t\t\t\t\t\t<\/ul>\n\t\t\t\t\t\t<\/div>\n\t\t\t\t<div class=\"elementor-element elementor-element-aaa919e elementor-widget elementor-widget-heading\" data-id=\"aaa919e\" data-element_type=\"widget\" data-e-type=\"widget\" data-widget_type=\"heading.default\">\n\t\t\t\t\t<h4 class=\"elementor-heading-title elementor-size-default\">Vicepresidente y Jefe de la Subcomisi\u00f3n de Apicultura Profesional\n<\/h4>\t\t\t\t<\/div>\n\t\t\t\t<div class=\"elementor-element elementor-element-202868b elementor-widget elementor-widget-text-editor\" data-id=\"202868b\" data-element_type=\"widget\" data-e-type=\"widget\" data-widget_type=\"text-editor.default\">\n\t\t\t\t\t\t\t\t\t<p style=\"text-align: left;\" align=\"center\"><b><span lang=\"EN-GB\" style=\"font-family: 'Arial',sans-serif;\">Rod Scarlett<\/span><\/b><\/p><p style=\"text-align: left;\" align=\"center\"><span lang=\"EN-GB\" style=\"font-family: 'Arial',sans-serif;\">Director Ejecutivo Consejo Canadiense de la Miel<\/span><\/p><p style=\"text-align: left;\" align=\"center\"><span lang=\"EN-GB\" style=\"font-family: 'Arial',sans-serif;\">Sherwood Park, AB T8E 1H1 - CANAD\u00c1<\/span><\/p>\t\t\t\t\t\t\t\t<\/div>\n\t\t\t\t<div class=\"elementor-element elementor-element-1d7ca11 elementor-icon-list--layout-traditional elementor-list-item-link-full_width elementor-widget elementor-widget-icon-list\" data-id=\"1d7ca11\" data-element_type=\"widget\" data-e-type=\"widget\" data-widget_type=\"icon-list.default\">\n\t\t\t\t\t\t\t<ul class=\"elementor-icon-list-items\">\n\t\t\t\t\t\t\t<li class=\"elementor-icon-list-item\">\n\t\t\t\t\t\t\t\t\t\t\t<span class=\"elementor-icon-list-icon\">\n\t\t\t\t\t\t\t<svg aria-hidden=\"true\" class=\"e-font-icon-svg e-fas-envelope\" viewbox=\"0 0 512 512\" xmlns=\"http:\/\/www.w3.org\/2000\/svg\"><path d=\"M502.3 190.8c3.9-3.1 9.7-.2 9.7 4.7V400c0 26.5-21.5 48-48 48H48c-26.5 0-48-21.5-48-48V195.6c0-5 5.7-7.8 9.7-4.7 22.4 17.4 52.1 39.5 154.1 113.6 21.1 15.4 56.7 47.8 92.2 47.6 35.7.3 72-32.8 92.3-47.6 102-74.1 131.6-96.3 154-113.7zM256 320c23.2.4 56.6-29.2 73.4-41.4 132.7-96.3 142.8-104.7 173.4-128.7 5.8-4.5 9.2-11.5 9.2-18.9v-19c0-26.5-21.5-48-48-48H48C21.5 64 0 85.5 0 112v19c0 7.4 3.4 14.3 9.2 18.9 30.6 23.9 40.7 32.4 173.4 128.7 16.8 12.2 50.2 41.8 73.4 41.4z\"><\/path><\/svg>\t\t\t\t\t\t<\/span>\n\t\t\t\t\t\t\t\t\t\t<span class=\"elementor-icon-list-text\">chc-ccm@honeycouncil.ca<\/span>\n\t\t\t\t\t\t\t\t\t<\/li>\n\t\t\t\t\t\t<\/ul>\n\t\t\t\t\t\t<\/div>\n\t\t\t\t<\/div>\n\t\t\t\t<\/div>\n\t\t\t\t\t<\/div>\n\t\t\t\t<\/div>\n\t\t\t\t<\/div>","protected":false},"excerpt":{"rendered":"<p>Economy Promoting beehive products The economic sustainability of many beekeeping operations around the world is currently being challenged by decreasing hive yields due to deterioration of the environment, increasing costs of production, and insufficient prices of authentic bee products mainly caused by different modes of honey fraud. As long as economically motivated adulteration, customs fraud [&hellip;]<\/p>\n","protected":false},"author":1,"featured_media":0,"parent":10,"menu_order":0,"comment_status":"closed","ping_status":"closed","template":"","meta":{"footnotes":""},"class_list":["post-987","page","type-page","status-publish","hentry"],"aioseo_notices":[],"_links":{"self":[{"href":"https:\/\/apimondia.org\/esp\/wp-json\/wp\/v2\/pages\/987","targetHints":{"allow":["GET"]}}],"collection":[{"href":"https:\/\/apimondia.org\/esp\/wp-json\/wp\/v2\/pages"}],"about":[{"href":"https:\/\/apimondia.org\/esp\/wp-json\/wp\/v2\/types\/page"}],"author":[{"embeddable":true,"href":"https:\/\/apimondia.org\/esp\/wp-json\/wp\/v2\/users\/1"}],"replies":[{"embeddable":true,"href":"https:\/\/apimondia.org\/esp\/wp-json\/wp\/v2\/comments?post=987"}],"version-history":[{"count":31,"href":"https:\/\/apimondia.org\/esp\/wp-json\/wp\/v2\/pages\/987\/revisions"}],"predecessor-version":[{"id":2621,"href":"https:\/\/apimondia.org\/esp\/wp-json\/wp\/v2\/pages\/987\/revisions\/2621"}],"up":[{"embeddable":true,"href":"https:\/\/apimondia.org\/esp\/wp-json\/wp\/v2\/pages\/10"}],"wp:attachment":[{"href":"https:\/\/apimondia.org\/esp\/wp-json\/wp\/v2\/media?parent=987"}],"curies":[{"name":"wp","href":"https:\/\/api.w.org\/{rel}","templated":true}]}}