{"id":983,"date":"2025-11-21T10:51:45","date_gmt":"2025-11-21T10:51:45","guid":{"rendered":"https:\/\/apimondia.org\/?page_id=983"},"modified":"2026-02-05T00:26:43","modified_gmt":"2026-02-05T00:26:43","slug":"bee-health","status":"publish","type":"page","link":"https:\/\/apimondia.org\/fra\/our-work\/bee-health\/","title":{"rendered":"Sant\u00e9 des abeilles"},"content":{"rendered":"<div data-elementor-type=\"wp-page\" data-elementor-id=\"983\" class=\"elementor elementor-983\" data-elementor-post-type=\"page\">\n\t\t\t\t<div class=\"elementor-element elementor-element-38daa4c e-flex e-con-boxed e-con e-parent\" data-id=\"38daa4c\" data-element_type=\"container\" data-e-type=\"container\">\n\t\t\t\t\t<div class=\"e-con-inner\">\n\t\t\t\t<div class=\"elementor-element elementor-element-39afc30 elementor-widget elementor-widget-heading\" data-id=\"39afc30\" data-element_type=\"widget\" data-e-type=\"widget\" data-widget_type=\"heading.default\">\n\t\t\t\t\t<h1 class=\"elementor-heading-title elementor-size-default\">Sant\u00e9 des abeilles<\/h1>\t\t\t\t<\/div>\n\t\t\t\t<div class=\"elementor-element elementor-element-5566bcd elementor-widget-divider--view-line elementor-widget elementor-widget-divider\" data-id=\"5566bcd\" data-element_type=\"widget\" data-e-type=\"widget\" data-widget_type=\"divider.default\">\n\t\t\t\t\t\t\t<div class=\"elementor-divider\">\n\t\t\t<span class=\"elementor-divider-separator\">\n\t\t\t\t\t\t<\/span>\n\t\t<\/div>\n\t\t\t\t\t\t<\/div>\n\t\t\t\t\t<\/div>\n\t\t\t\t<\/div>\n\t\t<div class=\"elementor-element elementor-element-dc264a5 e-flex e-con-boxed e-con e-parent\" data-id=\"dc264a5\" data-element_type=\"container\" data-e-type=\"container\">\n\t\t\t\t\t<div class=\"e-con-inner\">\n\t\t<div class=\"elementor-element elementor-element-353c7ab e-con-full e-flex e-con e-child\" data-id=\"353c7ab\" data-element_type=\"container\" data-e-type=\"container\">\n\t\t\t\t<div class=\"elementor-element elementor-element-aa85cea elementor-widget elementor-widget-heading\" data-id=\"aa85cea\" data-element_type=\"widget\" data-e-type=\"widget\" data-widget_type=\"heading.default\">\n\t\t\t\t\t<h2 class=\"elementor-heading-title elementor-size-default\">Trouver des solutions pour la sant\u00e9 des abeilles<\/h2>\t\t\t\t<\/div>\n\t\t\t\t<div class=\"elementor-element elementor-element-7ec588f elementor-widget__width-initial elementor-widget elementor-widget-text-editor\" data-id=\"7ec588f\" data-element_type=\"widget\" data-e-type=\"widget\" data-widget_type=\"text-editor.default\">\n\t\t\t\t\t\t\t\t\t<p>L'\u00e9tat de sant\u00e9 des abeilles mellif\u00e8res doit \u00eatre consid\u00e9r\u00e9 dans le contexte de la question plus large de la sant\u00e9 des abeilles mellif\u00e8res.\u00a0<a href=\"https:\/\/pubmed.ncbi.nlm.nih.gov\/20188434\/\" target=\"_blank\" rel=\"noopener\">le d\u00e9clin des pollinisateurs<\/a>\u00a0dans le monde entier. Les abeilles mellif\u00e8res sont tr\u00e8s r\u00e9pandues dans le monde et constituent souvent le principal pollinisateur g\u00e9r\u00e9 dans l'agriculture. La bonne sant\u00e9 des abeilles est donc vitale pour la s\u00e9curit\u00e9 alimentaire mondiale. Les difficult\u00e9s rencontr\u00e9es par les abeilles mellif\u00e8res peuvent en effet avoir des r\u00e9percussions sur l'offre de fruits, de noix et de l\u00e9gumes essentiels \u00e0 la sant\u00e9 humaine. Enfin, les menaces qui p\u00e8sent sur la sant\u00e9 des abeilles sont nombreuses et multifactorielles et exigent que la communaut\u00e9 apicole dispose d'informations scientifiques solides.\u00a0<\/p>\t\t\t\t\t\t\t\t<\/div>\n\t\t\t\t<div class=\"elementor-element elementor-element-900a295 elementor-widget elementor-widget-heading\" data-id=\"900a295\" data-element_type=\"widget\" data-e-type=\"widget\" data-widget_type=\"heading.default\">\n\t\t\t\t\t<h2 class=\"elementor-heading-title elementor-size-default\">Notre approche<\/h2>\t\t\t\t<\/div>\n\t\t\t\t<div class=\"elementor-element elementor-element-a44e3a9 elementor-widget elementor-widget-text-editor\" data-id=\"a44e3a9\" data-element_type=\"widget\" data-e-type=\"widget\" data-widget_type=\"text-editor.default\">\n\t\t\t\t\t\t\t\t\t<p>Notre principal objectif est de soutenir et d'am\u00e9liorer tous les d\u00e9veloppements ou initiatives scientifiques et techniques li\u00e9s \u00e0 la garantie de la sant\u00e9 des abeilles.<br \/><br \/>Nous accordons une attention particuli\u00e8re \u00e0 la sant\u00e9 des abeilles, notamment aux aspects suivants : Les bonnes pratiques apicoles (BPA) et les mesures de bios\u00e9curit\u00e9 en apiculture (BMB), le diagnostic des parasites\/pathog\u00e8nes, le traitement des parasites\/pathog\u00e8nes, les m\u00e9thodes ou pratiques de pr\u00e9vention des infestations\/infections par les parasites\/pathog\u00e8nes, la sant\u00e9 pr\u00e9dictive des abeilles, la s\u00e9lection pour la tol\u00e9rance aux pathog\u00e8nes des abeilles et pour la r\u00e9silience au changement climatique, aspects \u00e9conomiques et l\u00e9gislatifs des parasites\/pathog\u00e8nes des abeilles, importations et exportations d'abeilles et de produits apicoles en relation avec les questions de sant\u00e9, nutrition des abeilles et sa relation avec la sant\u00e9 des abeilles, impact des produits phytosanitaires et d'autres facteurs de stress environnementaux sur la sant\u00e9 des abeilles, cadre juridique de l'autorisation des pesticides, relations globales entre les agriculteurs et les apiculteurs.<\/p>\t\t\t\t\t\t\t\t<\/div>\n\t\t\t\t<\/div>\n\t\t<div class=\"elementor-element elementor-element-9b7d1ce e-con-full e-flex e-con e-child\" data-id=\"9b7d1ce\" data-element_type=\"container\" data-e-type=\"container\">\n\t\t\t\t<div class=\"elementor-element elementor-element-ccc963e elementor-widget elementor-widget-heading\" data-id=\"ccc963e\" data-element_type=\"widget\" data-e-type=\"widget\" data-widget_type=\"heading.default\">\n\t\t\t\t\t<h4 class=\"elementor-heading-title elementor-size-default\">Pr\u00e9sident de la Commission de la sant\u00e9 des abeilles d'Apimondia<\/h4>\t\t\t\t<\/div>\n\t\t\t\t<div class=\"elementor-element elementor-element-b83a12d elementor-widget elementor-widget-text-editor\" data-id=\"b83a12d\" data-element_type=\"widget\" data-e-type=\"widget\" data-widget_type=\"text-editor.default\">\n\t\t\t\t\t\t\t\t\t<p><strong>Dr. Fani Hatjina<\/strong><\/p><p>Directeur de l'Institut des sciences animales et du d\u00e9partement d'apiculture<br \/>Elgo \u2018Dimitra\u2019, Gr\u00e8ce<\/p>\t\t\t\t\t\t\t\t<\/div>\n\t\t\t\t<div class=\"elementor-element elementor-element-04afc4e elementor-icon-list--layout-traditional elementor-list-item-link-full_width elementor-widget elementor-widget-icon-list\" data-id=\"04afc4e\" data-element_type=\"widget\" data-e-type=\"widget\" data-widget_type=\"icon-list.default\">\n\t\t\t\t\t\t\t<ul class=\"elementor-icon-list-items\">\n\t\t\t\t\t\t\t<li class=\"elementor-icon-list-item\">\n\t\t\t\t\t\t\t\t\t\t\t<span class=\"elementor-icon-list-icon\">\n\t\t\t\t\t\t\t<svg aria-hidden=\"true\" class=\"e-font-icon-svg e-fas-envelope\" viewbox=\"0 0 512 512\" xmlns=\"http:\/\/www.w3.org\/2000\/svg\"><path d=\"M502.3 190.8c3.9-3.1 9.7-.2 9.7 4.7V400c0 26.5-21.5 48-48 48H48c-26.5 0-48-21.5-48-48V195.6c0-5 5.7-7.8 9.7-4.7 22.4 17.4 52.1 39.5 154.1 113.6 21.1 15.4 56.7 47.8 92.2 47.6 35.7.3 72-32.8 92.3-47.6 102-74.1 131.6-96.3 154-113.7zM256 320c23.2.4 56.6-29.2 73.4-41.4 132.7-96.3 142.8-104.7 173.4-128.7 5.8-4.5 9.2-11.5 9.2-18.9v-19c0-26.5-21.5-48-48-48H48C21.5 64 0 85.5 0 112v19c0 7.4 3.4 14.3 9.2 18.9 30.6 23.9 40.7 32.4 173.4 128.7 16.8 12.2 50.2 41.8 73.4 41.4z\"><\/path><\/svg>\t\t\t\t\t\t<\/span>\n\t\t\t\t\t\t\t\t\t\t<span class=\"elementor-icon-list-text\">beehealth@apimondia.org<\/span>\n\t\t\t\t\t\t\t\t\t<\/li>\n\t\t\t\t\t\t<\/ul>\n\t\t\t\t\t\t<\/div>\n\t\t\t\t<div class=\"elementor-element elementor-element-2d2bd66 elementor-icon-list--layout-traditional elementor-list-item-link-full_width elementor-widget elementor-widget-icon-list\" data-id=\"2d2bd66\" data-element_type=\"widget\" data-e-type=\"widget\" data-widget_type=\"icon-list.default\">\n\t\t\t\t\t\t\t<ul class=\"elementor-icon-list-items\">\n\t\t\t\t\t\t\t<li class=\"elementor-icon-list-item\">\n\t\t\t\t\t\t\t\t\t\t\t<a href=\"https:\/\/apimondia.org\/wp-content\/uploads\/2025\/11\/bee_health_team_members_2024.pdf\">\n\n\t\t\t\t\t\t\t\t\t\t\t\t<span class=\"elementor-icon-list-icon\">\n\t\t\t\t\t\t\t<svg aria-hidden=\"true\" class=\"e-font-icon-svg e-fas-download\" viewbox=\"0 0 512 512\" xmlns=\"http:\/\/www.w3.org\/2000\/svg\"><path d=\"M216 0h80c13.3 0 24 10.7 24 24v168h87.7c17.8 0 26.7 21.5 14.1 34.1L269.7 378.3c-7.5 7.5-19.8 7.5-27.3 0L90.1 226.1c-12.6-12.6-3.7-34.1 14.1-34.1H192V24c0-13.3 10.7-24 24-24zm296 376v112c0 13.3-10.7 24-24 24H24c-13.3 0-24-10.7-24-24V376c0-13.3 10.7-24 24-24h146.7l49 49c20.1 20.1 52.5 20.1 72.6 0l49-49H488c13.3 0 24 10.7 24 24zm-124 88c0-11-9-20-20-20s-20 9-20 20 9 20 20 20 20-9 20-20zm64 0c0-11-9-20-20-20s-20 9-20 20 9 20 20 20 20-9 20-20z\"><\/path><\/svg>\t\t\t\t\t\t<\/span>\n\t\t\t\t\t\t\t\t\t\t<span class=\"elementor-icon-list-text\">Membres de la Commission<\/span>\n\t\t\t\t\t\t\t\t\t\t\t<\/a>\n\t\t\t\t\t\t\t\t\t<\/li>\n\t\t\t\t\t\t<\/ul>\n\t\t\t\t\t\t<\/div>\n\t\t\t\t<\/div>\n\t\t\t\t\t<\/div>\n\t\t\t\t<\/div>\n\t\t\t\t<\/div>","protected":false},"excerpt":{"rendered":"<p>Bee health Finding solutions for honey bee health The status of honey bee health must be viewed in the context of the larger issue of\u00a0pollinator declines\u00a0worldwide. Honey bees are widespread globally and often serve as the major managed pollinator in agriculture. Thus, good bee health is vital to global food security. The challenges faced by [&hellip;]<\/p>\n","protected":false},"author":1,"featured_media":0,"parent":10,"menu_order":0,"comment_status":"closed","ping_status":"closed","template":"","meta":{"footnotes":""},"class_list":["post-983","page","type-page","status-publish","hentry"],"aioseo_notices":[],"_links":{"self":[{"href":"https:\/\/apimondia.org\/fra\/wp-json\/wp\/v2\/pages\/983","targetHints":{"allow":["GET"]}}],"collection":[{"href":"https:\/\/apimondia.org\/fra\/wp-json\/wp\/v2\/pages"}],"about":[{"href":"https:\/\/apimondia.org\/fra\/wp-json\/wp\/v2\/types\/page"}],"author":[{"embeddable":true,"href":"https:\/\/apimondia.org\/fra\/wp-json\/wp\/v2\/users\/1"}],"replies":[{"embeddable":true,"href":"https:\/\/apimondia.org\/fra\/wp-json\/wp\/v2\/comments?post=983"}],"version-history":[{"count":25,"href":"https:\/\/apimondia.org\/fra\/wp-json\/wp\/v2\/pages\/983\/revisions"}],"predecessor-version":[{"id":2361,"href":"https:\/\/apimondia.org\/fra\/wp-json\/wp\/v2\/pages\/983\/revisions\/2361"}],"up":[{"embeddable":true,"href":"https:\/\/apimondia.org\/fra\/wp-json\/wp\/v2\/pages\/10"}],"wp:attachment":[{"href":"https:\/\/apimondia.org\/fra\/wp-json\/wp\/v2\/media?parent=983"}],"curies":[{"name":"wp","href":"https:\/\/api.w.org\/{rel}","templated":true}]}}