{"id":985,"date":"2025-11-21T10:52:24","date_gmt":"2025-11-21T10:52:24","guid":{"rendered":"https:\/\/apimondia.org\/?page_id=985"},"modified":"2026-02-08T11:24:15","modified_gmt":"2026-02-08T11:24:15","slug":"biology","status":"publish","type":"page","link":"https:\/\/apimondia.org\/fra\/our-work\/biology\/","title":{"rendered":"Biologie"},"content":{"rendered":"<div data-elementor-type=\"wp-page\" data-elementor-id=\"985\" class=\"elementor elementor-985\" data-elementor-post-type=\"page\">\n\t\t\t\t<div class=\"elementor-element elementor-element-9f67d7f e-flex e-con-boxed e-con e-parent\" data-id=\"9f67d7f\" data-element_type=\"container\" data-e-type=\"container\">\n\t\t\t\t\t<div class=\"e-con-inner\">\n\t\t\t\t<div class=\"elementor-element elementor-element-fb9f671 elementor-widget elementor-widget-heading\" data-id=\"fb9f671\" data-element_type=\"widget\" data-e-type=\"widget\" data-widget_type=\"heading.default\">\n\t\t\t\t\t<h1 class=\"elementor-heading-title elementor-size-default\">Biologie<\/h1>\t\t\t\t<\/div>\n\t\t\t\t<div class=\"elementor-element elementor-element-401a384 elementor-widget-divider--view-line elementor-widget elementor-widget-divider\" data-id=\"401a384\" data-element_type=\"widget\" data-e-type=\"widget\" data-widget_type=\"divider.default\">\n\t\t\t\t\t\t\t<div class=\"elementor-divider\">\n\t\t\t<span class=\"elementor-divider-separator\">\n\t\t\t\t\t\t<\/span>\n\t\t<\/div>\n\t\t\t\t\t\t<\/div>\n\t\t\t\t\t<\/div>\n\t\t\t\t<\/div>\n\t\t<div class=\"elementor-element elementor-element-2b237dd e-flex e-con-boxed e-con e-parent\" data-id=\"2b237dd\" data-element_type=\"container\" data-e-type=\"container\">\n\t\t\t\t\t<div class=\"e-con-inner\">\n\t\t<div class=\"elementor-element elementor-element-fc8e0b9 e-con-full e-flex e-con e-child\" data-id=\"fc8e0b9\" data-element_type=\"container\" data-e-type=\"container\">\n\t\t\t\t<div class=\"elementor-element elementor-element-32a005c elementor-widget elementor-widget-heading\" data-id=\"32a005c\" data-element_type=\"widget\" data-e-type=\"widget\" data-widget_type=\"heading.default\">\n\t\t\t\t\t<h2 class=\"elementor-heading-title elementor-size-default\">Pourquoi \u00e9tudier la biologie des abeilles ?<\/h2>\t\t\t\t<\/div>\n\t\t\t\t<div class=\"elementor-element elementor-element-5dba112 elementor-widget__width-initial elementor-widget elementor-widget-text-editor\" data-id=\"5dba112\" data-element_type=\"widget\" data-e-type=\"widget\" data-widget_type=\"text-editor.default\">\n\t\t\t\t\t\t\t\t\t<p>Les abeilles mellif\u00e8res jouent un r\u00f4le essentiel en tant que pollinisateurs primaires pour un large \u00e9ventail de cultures. Au-del\u00e0 de leur importance pour l'agriculture, les abeilles mellif\u00e8res et les autres pollinisateurs sont un \u00e9l\u00e9ment essentiel de l'entomofaune, contribuant activement \u00e0 la reproduction de nombreuses esp\u00e8ces de plantes sauvages. Il est essentiel de souligner la n\u00e9cessit\u00e9 urgente de mener des recherches approfondies sur la biologie des abeilles afin de relever les d\u00e9fis pressants auxquels sont confront\u00e9s ces insectes remarquables. S'ils ne sont pas relev\u00e9s, ces d\u00e9fis environnementaux pourraient avoir des cons\u00e9quences profondes et \u00e9tendues sur la production alimentaire mondiale en raison de leur impact consid\u00e9rable sur la pollinisation et la s\u00e9curit\u00e9 alimentaire. Par cons\u00e9quent, une \u00e9tude approfondie de la biologie des abeilles constitue la pierre angulaire qui permettra d'acqu\u00e9rir des connaissances approfondies et, id\u00e9alement, de d\u00e9velopper des solutions efficaces pour sauvegarder ces pollinisateurs indispensables.<\/p>\t\t\t\t\t\t\t\t<\/div>\n\t\t\t\t<div class=\"elementor-element elementor-element-2bfe1c8 elementor-widget elementor-widget-heading\" data-id=\"2bfe1c8\" data-element_type=\"widget\" data-e-type=\"widget\" data-widget_type=\"heading.default\">\n\t\t\t\t\t<h2 class=\"elementor-heading-title elementor-size-default\">Notre approche<\/h2>\t\t\t\t<\/div>\n\t\t\t\t<div class=\"elementor-element elementor-element-f14d130 elementor-widget elementor-widget-text-editor\" data-id=\"f14d130\" data-element_type=\"widget\" data-e-type=\"widget\" data-widget_type=\"text-editor.default\">\n\t\t\t\t\t\t\t\t\t<p>Nos activit\u00e9s pr\u00e9vues sont centr\u00e9es sur la g\u00e9n\u00e9tique, la physiologie et le comportement des pollinisateurs, y compris les abeilles domestiques, les bourdons, les abeilles sans dard, les Osmia et les autres Apoidea. Plus sp\u00e9cifiquement, nous avons l'intention d'organiser un symposium qui mettra l'accent sur des sujets de recherche \u00e9mergents. Nous souhaitons int\u00e9grer ces symposiums \u00e0 d'autres commissions d'Apimondia, afin d'assurer la diffusion de r\u00e9sultats de recherche de qualit\u00e9 \u00e0 la communaut\u00e9 apicole mondiale.<\/p>\t\t\t\t\t\t\t\t<\/div>\n\t\t\t\t<\/div>\n\t\t<div class=\"elementor-element elementor-element-e707a27 e-con-full e-flex e-con e-child\" data-id=\"e707a27\" data-element_type=\"container\" data-e-type=\"container\">\n\t\t\t\t<div class=\"elementor-element elementor-element-b14eb14 elementor-widget elementor-widget-heading\" data-id=\"b14eb14\" data-element_type=\"widget\" data-e-type=\"widget\" data-widget_type=\"heading.default\">\n\t\t\t\t\t<h4 class=\"elementor-heading-title elementor-size-default\">Pr\u00e9sident de la Commission scientifique Apimondia sur la biologie de l'abeille<\/h4>\t\t\t\t<\/div>\n\t\t\t\t<div class=\"elementor-element elementor-element-36e56ac elementor-widget elementor-widget-text-editor\" data-id=\"36e56ac\" data-element_type=\"widget\" data-e-type=\"widget\" data-widget_type=\"text-editor.default\">\n\t\t\t\t\t\t\t\t\t<p><strong>Dr. Gennaro Di Prisco<\/strong><\/p><p>IPSP-CNR (Conseil national de la recherche italien - Institut pour la protection durable des plantes)<\/p>\t\t\t\t\t\t\t\t<\/div>\n\t\t\t\t<div class=\"elementor-element elementor-element-f27fff1 elementor-icon-list--layout-traditional elementor-list-item-link-full_width elementor-widget elementor-widget-icon-list\" data-id=\"f27fff1\" data-element_type=\"widget\" data-e-type=\"widget\" data-widget_type=\"icon-list.default\">\n\t\t\t\t\t\t\t<ul class=\"elementor-icon-list-items\">\n\t\t\t\t\t\t\t<li class=\"elementor-icon-list-item\">\n\t\t\t\t\t\t\t\t\t\t\t<span class=\"elementor-icon-list-icon\">\n\t\t\t\t\t\t\t<svg aria-hidden=\"true\" class=\"e-font-icon-svg e-fas-envelope\" viewbox=\"0 0 512 512\" xmlns=\"http:\/\/www.w3.org\/2000\/svg\"><path d=\"M502.3 190.8c3.9-3.1 9.7-.2 9.7 4.7V400c0 26.5-21.5 48-48 48H48c-26.5 0-48-21.5-48-48V195.6c0-5 5.7-7.8 9.7-4.7 22.4 17.4 52.1 39.5 154.1 113.6 21.1 15.4 56.7 47.8 92.2 47.6 35.7.3 72-32.8 92.3-47.6 102-74.1 131.6-96.3 154-113.7zM256 320c23.2.4 56.6-29.2 73.4-41.4 132.7-96.3 142.8-104.7 173.4-128.7 5.8-4.5 9.2-11.5 9.2-18.9v-19c0-26.5-21.5-48-48-48H48C21.5 64 0 85.5 0 112v19c0 7.4 3.4 14.3 9.2 18.9 30.6 23.9 40.7 32.4 173.4 128.7 16.8 12.2 50.2 41.8 73.4 41.4z\"><\/path><\/svg>\t\t\t\t\t\t<\/span>\n\t\t\t\t\t\t\t\t\t\t<span class=\"elementor-icon-list-text\">beebiology@apimondia.org<\/span>\n\t\t\t\t\t\t\t\t\t<\/li>\n\t\t\t\t\t\t<\/ul>\n\t\t\t\t\t\t<\/div>\n\t\t\t\t<div class=\"elementor-element elementor-element-7e3178b elementor-widget elementor-widget-heading\" data-id=\"7e3178b\" data-element_type=\"widget\" data-e-type=\"widget\" data-widget_type=\"heading.default\">\n\t\t\t\t\t<h4 class=\"elementor-heading-title elementor-size-default\">Autres membres de la Commission<\/h4>\t\t\t\t<\/div>\n\t\t\t\t<div class=\"elementor-element elementor-element-d37f1c8 elementor-widget elementor-widget-text-editor\" data-id=\"d37f1c8\" data-element_type=\"widget\" data-e-type=\"widget\" data-widget_type=\"text-editor.default\">\n\t\t\t\t\t\t\t\t\t<p><strong>Dr. Cecilia Costa<\/strong><\/p><p>Conseil pour la recherche et l'\u00e9conomie agricoles - Agriculture et environnement, Italie<\/p>\t\t\t\t\t\t\t\t<\/div>\n\t\t\t\t<div class=\"elementor-element elementor-element-520aa2f elementor-widget elementor-widget-text-editor\" data-id=\"520aa2f\" data-element_type=\"widget\" data-e-type=\"widget\" data-widget_type=\"text-editor.default\">\n\t\t\t\t\t\t\t\t\t<p><strong>Dr. Raquel Teixeira de Sousa<\/strong><\/p><p>D\u00e9partement de zoologie, Universit\u00e9 d'Oxford, Royaume-Uni<\/p>\t\t\t\t\t\t\t\t<\/div>\n\t\t\t\t<div class=\"elementor-element elementor-element-fe6ddce elementor-widget elementor-widget-text-editor\" data-id=\"fe6ddce\" data-element_type=\"widget\" data-e-type=\"widget\" data-widget_type=\"text-editor.default\">\n\t\t\t\t\t\t\t\t\t<p><strong>Rui Gon\u00e7alves<\/strong><\/p><p>D\u00e9partement de zoologie, Universit\u00e9 d'Oxford, Royaume-Uni<\/p>\t\t\t\t\t\t\t\t<\/div>\n\t\t\t\t<\/div>\n\t\t\t\t\t<\/div>\n\t\t\t\t<\/div>\n\t\t<div class=\"elementor-element elementor-element-2354974 e-flex e-con-boxed e-con e-parent\" data-id=\"2354974\" data-element_type=\"container\" data-e-type=\"container\">\n\t\t\t\t\t<div class=\"e-con-inner\">\n\t\t<div class=\"elementor-element elementor-element-266d79c e-con-full e-flex e-con e-child\" data-id=\"266d79c\" data-element_type=\"container\" data-e-type=\"container\" data-settings=\"{&quot;background_background&quot;:&quot;classic&quot;}\">\n\t\t\t\t<\/div>\n\t\t<div class=\"elementor-element elementor-element-7c50410 e-con-full e-flex e-con e-child\" data-id=\"7c50410\" data-element_type=\"container\" data-e-type=\"container\">\n\t\t\t\t<div class=\"elementor-element elementor-element-c24dc58 elementor-widget elementor-widget-heading\" data-id=\"c24dc58\" data-element_type=\"widget\" data-e-type=\"widget\" data-widget_type=\"heading.default\">\n\t\t\t\t\t<h2 class=\"elementor-heading-title elementor-size-default\">Th\u00e8mes<\/h2>\t\t\t\t<\/div>\n\t\t\t\t<div class=\"elementor-element elementor-element-a0b560d elementor-widget elementor-widget-text-editor\" data-id=\"a0b560d\" data-element_type=\"widget\" data-e-type=\"widget\" data-widget_type=\"text-editor.default\">\n\t\t\t\t\t\t\t\t\t<p><strong>G\u00e9n\u00e9tique (caract\u00e9risation du g\u00e9nome)<\/strong><\/p><ul><li>Conservation et s\u00e9lection des sous-esp\u00e8ces<\/li><li>\u00c9levage et ins\u00e9mination artificielle<\/li><li>Cryoconservation du mat\u00e9riel g\u00e9n\u00e9tique<\/li><\/ul>\t\t\t\t\t\t\t\t<\/div>\n\t\t\t\t<div class=\"elementor-element elementor-element-00eb8ab elementor-widget elementor-widget-text-editor\" data-id=\"00eb8ab\" data-element_type=\"widget\" data-e-type=\"widget\" data-widget_type=\"text-editor.default\">\n\t\t\t\t\t\t\t\t\t<p><strong>Physiologie (r\u00e9silience et adaptation)<\/strong><\/p><ul><li>Impact de la temp\u00e9rature et de l'humidit\u00e9<\/li><li>Valeur nutritionnelle de la nourriture pour abeilles<\/li><li>Paysage nutritionnel modulant la sant\u00e9 des abeilles<\/li><\/ul>\t\t\t\t\t\t\t\t<\/div>\n\t\t\t\t<div class=\"elementor-element elementor-element-e4623bf elementor-widget elementor-widget-text-editor\" data-id=\"e4623bf\" data-element_type=\"widget\" data-e-type=\"widget\" data-widget_type=\"text-editor.default\">\n\t\t\t\t\t\t\t\t\t<p><strong>Comportement (modul\u00e9 par les facteurs de stress)<\/strong><\/p><ul><li>Apprentissage, m\u00e9moire et activit\u00e9 cognitive<\/li><li>Interaction fleurs\/pollinisateurs<\/li><li>L'intelligence artificielle appliqu\u00e9e aux services de pollinisation<\/li><\/ul>\t\t\t\t\t\t\t\t<\/div>\n\t\t\t\t<\/div>\n\t\t\t\t\t<\/div>\n\t\t\t\t<\/div>\n\t\t\t\t<\/div>","protected":false},"excerpt":{"rendered":"<p>Biology Why should we study bee biology? Honey bees are pivotal as primary pollinators for a diverse range of crops. Beyond its agricultural significance, honey bees and other pollinators are an essential constituent of the entomofauna, actively contributing to the reproduction of \u00a0many wild plant species. It is crucial to emphasise the urgent need for [&hellip;]<\/p>\n","protected":false},"author":1,"featured_media":0,"parent":10,"menu_order":0,"comment_status":"closed","ping_status":"closed","template":"","meta":{"footnotes":""},"class_list":["post-985","page","type-page","status-publish","hentry"],"aioseo_notices":[],"_links":{"self":[{"href":"https:\/\/apimondia.org\/fra\/wp-json\/wp\/v2\/pages\/985","targetHints":{"allow":["GET"]}}],"collection":[{"href":"https:\/\/apimondia.org\/fra\/wp-json\/wp\/v2\/pages"}],"about":[{"href":"https:\/\/apimondia.org\/fra\/wp-json\/wp\/v2\/types\/page"}],"author":[{"embeddable":true,"href":"https:\/\/apimondia.org\/fra\/wp-json\/wp\/v2\/users\/1"}],"replies":[{"embeddable":true,"href":"https:\/\/apimondia.org\/fra\/wp-json\/wp\/v2\/comments?post=985"}],"version-history":[{"count":16,"href":"https:\/\/apimondia.org\/fra\/wp-json\/wp\/v2\/pages\/985\/revisions"}],"predecessor-version":[{"id":2618,"href":"https:\/\/apimondia.org\/fra\/wp-json\/wp\/v2\/pages\/985\/revisions\/2618"}],"up":[{"embeddable":true,"href":"https:\/\/apimondia.org\/fra\/wp-json\/wp\/v2\/pages\/10"}],"wp:attachment":[{"href":"https:\/\/apimondia.org\/fra\/wp-json\/wp\/v2\/media?parent=985"}],"curies":[{"name":"wp","href":"https:\/\/api.w.org\/{rel}","templated":true}]}}