{"id":86,"date":"2025-10-22T11:42:24","date_gmt":"2025-10-22T11:42:24","guid":{"rendered":"https:\/\/apimondia.org\/?page_id=86"},"modified":"2026-02-05T00:52:58","modified_gmt":"2026-02-05T00:52:58","slug":"oceania","status":"publish","type":"page","link":"https:\/\/apimondia.org\/prt\/our-work\/where-we-work\/oceania\/","title":{"rendered":"Oce\u00e2nia"},"content":{"rendered":"<div data-elementor-type=\"wp-page\" data-elementor-id=\"86\" class=\"elementor elementor-86\" data-elementor-post-type=\"page\">\n\t\t\t\t<div class=\"elementor-element elementor-element-78cff53 e-flex e-con-boxed e-con e-parent\" data-id=\"78cff53\" data-element_type=\"container\" data-e-type=\"container\">\n\t\t\t\t\t<div class=\"e-con-inner\">\n\t\t\t\t<div class=\"elementor-element elementor-element-65e609f elementor-widget elementor-widget-heading\" data-id=\"65e609f\" data-element_type=\"widget\" data-e-type=\"widget\" data-widget_type=\"heading.default\">\n\t\t\t\t\t<h1 class=\"elementor-heading-title elementor-size-default\">Oce\u00e2nia<\/h1>\t\t\t\t<\/div>\n\t\t\t\t<div class=\"elementor-element elementor-element-ee119be elementor-widget-divider--view-line elementor-widget elementor-widget-divider\" data-id=\"ee119be\" data-element_type=\"widget\" data-e-type=\"widget\" data-widget_type=\"divider.default\">\n\t\t\t\t\t\t\t<div class=\"elementor-divider\">\n\t\t\t<span class=\"elementor-divider-separator\">\n\t\t\t\t\t\t<\/span>\n\t\t<\/div>\n\t\t\t\t\t\t<\/div>\n\t\t\t\t\t<\/div>\n\t\t\t\t<\/div>\n\t\t<div class=\"elementor-element elementor-element-70daf04 e-flex e-con-boxed e-con e-parent\" data-id=\"70daf04\" data-element_type=\"container\" data-e-type=\"container\">\n\t\t\t\t\t<div class=\"e-con-inner\">\n\t\t<div class=\"elementor-element elementor-element-a8f23b1 e-con-full e-flex e-con e-child\" data-id=\"a8f23b1\" data-element_type=\"container\" data-e-type=\"container\">\n\t\t\t\t<div class=\"elementor-element elementor-element-4dea14b elementor-widget elementor-widget-text-editor\" data-id=\"4dea14b\" data-element_type=\"widget\" data-e-type=\"widget\" data-widget_type=\"text-editor.default\">\n\t\t\t\t\t\t\t\t\t<p>A Oce\u00e2nia \u00e9 um tesouro de biodiversidade. A abelha europeia, introduzida pelos primeiros colonizadores, floresceu e permitiu a cria\u00e7\u00e3o de uma ind\u00fastria ap\u00edcola robusta, que produz produtos \u00fanicos e distintos, como o mel de manuka e o mel biol\u00f3gico, a partir de ecossistemas insulares isolados.<\/p><p>Os apicultores da regi\u00e3o est\u00e3o a adaptar-se ativamente aos desafios crescentes colocados pelas altera\u00e7\u00f5es clim\u00e1ticas, incluindo secas mais frequentes, inc\u00eandios florestais, ciclones e inunda\u00e7\u00f5es. Um obst\u00e1culo adicional tem sido a recente propaga\u00e7\u00e3o de \u00e1caros varroa a \u00e1reas anteriormente intocadas como a Austr\u00e1lia e as Fiji, criando desafios significativos para os apicultores.<\/p><p>Apicultores altamente qualificados da Austr\u00e1lia e da Nova Zel\u00e2ndia estabelecem liga\u00e7\u00f5es globais com cientistas internacionais atrav\u00e9s de redes promovidas pelas actividades do Apimondia. Para as na\u00e7\u00f5es ap\u00edcolas em desenvolvimento como as Fiji e outros pequenos Estados, a Apimondia oferece uma plataforma para aprender com pa\u00edses com percursos de desenvolvimento semelhantes e com aqueles que t\u00eam ind\u00fastrias ap\u00edcolas mais estabelecidas.<\/p>\t\t\t\t\t\t\t\t<\/div>\n\t\t\t\t<\/div>\n\t\t<div class=\"elementor-element elementor-element-28adc5e e-con-full e-flex e-con e-child\" data-id=\"28adc5e\" data-element_type=\"container\" data-e-type=\"container\">\n\t\t<div class=\"elementor-element elementor-element-da012eb e-con-full e-flex e-con e-child\" data-id=\"da012eb\" data-element_type=\"container\" data-e-type=\"container\">\n\t\t\t\t<div class=\"elementor-element elementor-element-fd19773 elementor-widget elementor-widget-image\" data-id=\"fd19773\" data-element_type=\"widget\" data-e-type=\"widget\" data-widget_type=\"image.default\">\n\t\t\t\t\t\t\t\t\t\t\t\t<figure class=\"wp-caption\">\n\t\t\t\t\t\t\t\t\t\t<img fetchpriority=\"high\" decoding=\"async\" width=\"500\" height=\"333\" src=\"https:\/\/apimondia.org\/wp-content\/uploads\/2025\/12\/AU-TBA-Harvesting-in-Tasmania-1-002.jpg\" class=\"attachment-large size-large wp-image-2128\" alt=\"\" srcset=\"https:\/\/apimondia.org\/wp-content\/uploads\/2025\/12\/AU-TBA-Harvesting-in-Tasmania-1-002.jpg 500w, https:\/\/apimondia.org\/wp-content\/uploads\/2025\/12\/AU-TBA-Harvesting-in-Tasmania-1-002-18x12.jpg 18w\" sizes=\"(max-width: 500px) 100vw, 500px\" \/>\t\t\t\t\t\t\t\t\t\t\t<figcaption class=\"widget-image-caption wp-caption-text\">Foto: Associa\u00e7\u00e3o de Apicultores da Tasm\u00e2nia<\/figcaption>\n\t\t\t\t\t\t\t\t\t\t<\/figure>\n\t\t\t\t\t\t\t\t\t<\/div>\n\t\t\t\t<\/div>\n\t\t\t\t<\/div>\n\t\t\t\t\t<\/div>\n\t\t\t\t<\/div>\n\t\t<div class=\"elementor-element elementor-element-109a5e6 e-flex e-con-boxed e-con e-parent\" data-id=\"109a5e6\" data-element_type=\"container\" data-e-type=\"container\">\n\t\t\t\t\t<div class=\"e-con-inner\">\n\t\t\t\t<div class=\"elementor-element elementor-element-3e2e3ef elementor-widget elementor-widget-heading\" data-id=\"3e2e3ef\" data-element_type=\"widget\" data-e-type=\"widget\" data-widget_type=\"heading.default\">\n\t\t\t\t\t<h2 class=\"elementor-heading-title elementor-size-default\">Apicultores da Oce\u00e2nia<\/h2>\t\t\t\t<\/div>\n\t\t\t\t<div class=\"elementor-element elementor-element-2292f61 elementor-widget elementor-widget-text-editor\" data-id=\"2292f61\" data-element_type=\"widget\" data-e-type=\"widget\" data-widget_type=\"text-editor.default\">\n\t\t\t\t\t\t\t\t\t<p>Os apicultores da regi\u00e3o da Oce\u00e2nia tamb\u00e9m influenciaram as pol\u00edticas nacionais utilizando os documentos de posi\u00e7\u00e3o cientificamente orientados da Apimondia sobre a autenticidade do mel, pesticidas e outros t\u00f3picos.<\/p><p>A dist\u00e2ncia e o custo da participa\u00e7\u00e3o nos congressos da Apimondia s\u00e3o proibitivos para muitos apicultores da regi\u00e3o da Oce\u00e2nia. Para atenuar este problema, o Comit\u00e9 Executivo da Apimondia comprometeu-se, em 2024, a tornar as apresenta\u00e7\u00f5es orais e de posters dos congressos acess\u00edveis no s\u00edtio Web da Apimondia.<\/p><p>Para al\u00e9m de expandir o alcance do Apimondia a mais apicultores da Oce\u00e2nia, a comiss\u00e3o da Oce\u00e2nia est\u00e1 tamb\u00e9m a trabalhar para ligar as associa\u00e7\u00f5es de apicultores a organiza\u00e7\u00f5es parceiras regionais e globais. Aproveitar os conhecimentos t\u00e9cnicos e as compet\u00eancias dos nossos apicultores provou ser um recurso econ\u00f3mico para as organiza\u00e7\u00f5es de desenvolvimento<\/p>\t\t\t\t\t\t\t\t<\/div>\n\t\t\t\t\t<\/div>\n\t\t\t\t<\/div>\n\t\t<div class=\"elementor-element elementor-element-5a46b4a e-flex e-con-boxed e-con e-parent\" data-id=\"5a46b4a\" data-element_type=\"container\" data-e-type=\"container\">\n\t\t\t\t\t<div class=\"e-con-inner\">\n\t\t<div class=\"elementor-element elementor-element-68d1812 e-con-full e-flex e-con e-child\" data-id=\"68d1812\" data-element_type=\"container\" data-e-type=\"container\">\n\t\t\t\t<div class=\"elementor-element elementor-element-878333c elementor-widget elementor-widget-image\" data-id=\"878333c\" data-element_type=\"widget\" data-e-type=\"widget\" data-widget_type=\"image.default\">\n\t\t\t\t\t\t\t\t\t\t\t\t<figure class=\"wp-caption\">\n\t\t\t\t\t\t\t\t\t\t<img decoding=\"async\" width=\"500\" height=\"667\" src=\"https:\/\/apimondia.org\/wp-content\/uploads\/2025\/12\/FJ-FBA-Buzzkeeper-Josua-002.jpg\" class=\"attachment-large size-large wp-image-2130\" alt=\"\" srcset=\"https:\/\/apimondia.org\/wp-content\/uploads\/2025\/12\/FJ-FBA-Buzzkeeper-Josua-002.jpg 500w, https:\/\/apimondia.org\/wp-content\/uploads\/2025\/12\/FJ-FBA-Buzzkeeper-Josua-002-9x12.jpg 9w\" sizes=\"(max-width: 500px) 100vw, 500px\" \/>\t\t\t\t\t\t\t\t\t\t\t<figcaption class=\"widget-image-caption wp-caption-text\">Foto: Associa\u00e7\u00e3o de Apicultores das Fiji<\/figcaption>\n\t\t\t\t\t\t\t\t\t\t<\/figure>\n\t\t\t\t\t\t\t\t\t<\/div>\n\t\t\t\t<\/div>\n\t\t<div class=\"elementor-element elementor-element-a22c492 e-con-full e-flex e-con e-child\" data-id=\"a22c492\" data-element_type=\"container\" data-e-type=\"container\">\n\t\t\t\t<div class=\"elementor-element elementor-element-70d51ae elementor-widget elementor-widget-image\" data-id=\"70d51ae\" data-element_type=\"widget\" data-e-type=\"widget\" data-widget_type=\"image.default\">\n\t\t\t\t\t\t\t\t\t\t\t\t<figure class=\"wp-caption\">\n\t\t\t\t\t\t\t\t\t\t<img decoding=\"async\" width=\"500\" height=\"400\" src=\"https:\/\/apimondia.org\/wp-content\/uploads\/2025\/12\/NZ-Manuka-Helicopter1-002.jpg\" class=\"attachment-large size-large wp-image-2131\" alt=\"\" srcset=\"https:\/\/apimondia.org\/wp-content\/uploads\/2025\/12\/NZ-Manuka-Helicopter1-002.jpg 500w, https:\/\/apimondia.org\/wp-content\/uploads\/2025\/12\/NZ-Manuka-Helicopter1-002-15x12.jpg 15w\" sizes=\"(max-width: 500px) 100vw, 500px\" \/>\t\t\t\t\t\t\t\t\t\t\t<figcaption class=\"widget-image-caption wp-caption-text\">Foto: Apicultura da Nova Zel\u00e2ndia<\/figcaption>\n\t\t\t\t\t\t\t\t\t\t<\/figure>\n\t\t\t\t\t\t\t\t\t<\/div>\n\t\t\t\t<\/div>\n\t\t\t\t\t<\/div>\n\t\t\t\t<\/div>\n\t\t<div class=\"elementor-element elementor-element-18c7364 e-flex e-con-boxed e-con e-parent\" data-id=\"18c7364\" data-element_type=\"container\" data-e-type=\"container\">\n\t\t\t\t\t<div class=\"e-con-inner\">\n\t\t\t\t<div class=\"elementor-element elementor-element-3e9d910 elementor-widget elementor-widget-heading\" data-id=\"3e9d910\" data-element_type=\"widget\" data-e-type=\"widget\" data-widget_type=\"heading.default\">\n\t\t\t\t\t<h2 class=\"elementor-heading-title elementor-size-default\">Comiss\u00f5es regionais do Apimondia<\/h2>\t\t\t\t<\/div>\n\t\t<div class=\"elementor-element elementor-element-9353316 e-grid e-con-full e-con e-child\" data-id=\"9353316\" data-element_type=\"container\" data-e-type=\"container\">\n\t\t<a class=\"elementor-element elementor-element-636a059 e-con-full e-flex e-con e-child\" data-id=\"636a059\" data-element_type=\"container\" data-e-type=\"container\" href=\"https:\/\/apimondia.org\/prt\/about\/where-we-work\/africa\/\">\n\t\t\t\t<div class=\"elementor-element elementor-element-af5a46b elementor-widget elementor-widget-image\" data-id=\"af5a46b\" data-element_type=\"widget\" data-e-type=\"widget\" data-widget_type=\"image.default\">\n\t\t\t\t\t\t\t\t\t\t\t\t\t\t\t<img loading=\"lazy\" decoding=\"async\" width=\"768\" height=\"429\" src=\"https:\/\/apimondia.org\/wp-content\/uploads\/2025\/10\/Africa-768x429.webp\" class=\"attachment-medium_large size-medium_large wp-image-208\" alt=\"\" srcset=\"https:\/\/apimondia.org\/wp-content\/uploads\/2025\/10\/Africa-768x429.webp 768w, https:\/\/apimondia.org\/wp-content\/uploads\/2025\/10\/Africa-18x10.webp 18w, https:\/\/apimondia.org\/wp-content\/uploads\/2025\/10\/Africa.webp 1098w\" sizes=\"(max-width: 768px) 100vw, 768px\" \/>\t\t\t\t\t\t\t\t\t\t\t\t\t\t\t<\/div>\n\t\t\t\t<div class=\"elementor-element elementor-element-9cf150a elementor-widget elementor-widget-heading\" data-id=\"9cf150a\" data-element_type=\"widget\" data-e-type=\"widget\" data-widget_type=\"heading.default\">\n\t\t\t\t\t<h3 class=\"elementor-heading-title elementor-size-default\">\u00c1frica<\/h3>\t\t\t\t<\/div>\n\t\t\t\t<\/a>\n\t\t<a class=\"elementor-element elementor-element-f84bc23 e-con-full e-flex e-con e-child\" data-id=\"f84bc23\" data-element_type=\"container\" data-e-type=\"container\" href=\"https:\/\/apimondia.org\/prt\/about\/where-we-work\/americas\/\">\n\t\t\t\t<div class=\"elementor-element elementor-element-c07d146 elementor-widget elementor-widget-image\" data-id=\"c07d146\" data-element_type=\"widget\" data-e-type=\"widget\" data-widget_type=\"image.default\">\n\t\t\t\t\t\t\t\t\t\t\t\t\t\t\t<img loading=\"lazy\" decoding=\"async\" width=\"638\" height=\"361\" src=\"https:\/\/apimondia.org\/wp-content\/uploads\/2025\/10\/Americas.webp\" class=\"attachment-medium_large size-medium_large wp-image-209\" alt=\"\" srcset=\"https:\/\/apimondia.org\/wp-content\/uploads\/2025\/10\/Americas.webp 638w, https:\/\/apimondia.org\/wp-content\/uploads\/2025\/10\/Americas-18x10.webp 18w\" sizes=\"(max-width: 638px) 100vw, 638px\" \/>\t\t\t\t\t\t\t\t\t\t\t\t\t\t\t<\/div>\n\t\t\t\t<div class=\"elementor-element elementor-element-acac932 elementor-widget elementor-widget-heading\" data-id=\"acac932\" data-element_type=\"widget\" data-e-type=\"widget\" data-widget_type=\"heading.default\">\n\t\t\t\t\t<h3 class=\"elementor-heading-title elementor-size-default\">Am\u00e9ricas<\/h3>\t\t\t\t<\/div>\n\t\t\t\t<\/a>\n\t\t<a class=\"elementor-element elementor-element-39cf72a e-con-full e-flex e-con e-child\" data-id=\"39cf72a\" data-element_type=\"container\" data-e-type=\"container\" href=\"https:\/\/apimondia.org\/prt\/about\/where-we-work\/asia\/\">\n\t\t\t\t<div class=\"elementor-element elementor-element-cf6510b elementor-widget elementor-widget-image\" data-id=\"cf6510b\" data-element_type=\"widget\" data-e-type=\"widget\" data-widget_type=\"image.default\">\n\t\t\t\t\t\t\t\t\t\t\t\t\t\t\t<img loading=\"lazy\" decoding=\"async\" width=\"768\" height=\"442\" src=\"https:\/\/apimondia.org\/wp-content\/uploads\/2025\/10\/Asia-768x442.jpg\" class=\"attachment-medium_large size-medium_large wp-image-210\" alt=\"\" srcset=\"https:\/\/apimondia.org\/wp-content\/uploads\/2025\/10\/Asia-768x442.jpg 768w, https:\/\/apimondia.org\/wp-content\/uploads\/2025\/10\/Asia-18x10.jpg 18w, https:\/\/apimondia.org\/wp-content\/uploads\/2025\/10\/Asia.webp 997w\" sizes=\"(max-width: 768px) 100vw, 768px\" \/>\t\t\t\t\t\t\t\t\t\t\t\t\t\t\t<\/div>\n\t\t\t\t<div class=\"elementor-element elementor-element-49981d7 elementor-widget elementor-widget-heading\" data-id=\"49981d7\" data-element_type=\"widget\" data-e-type=\"widget\" data-widget_type=\"heading.default\">\n\t\t\t\t\t<h3 class=\"elementor-heading-title elementor-size-default\">\u00c1sia<\/h3>\t\t\t\t<\/div>\n\t\t\t\t<\/a>\n\t\t<a class=\"elementor-element elementor-element-105bdb2 e-con-full e-flex e-con e-child\" data-id=\"105bdb2\" data-element_type=\"container\" data-e-type=\"container\" href=\"https:\/\/apimondia.org\/prt\/about\/where-we-work\/europe\/\">\n\t\t\t\t<div class=\"elementor-element elementor-element-af91ade elementor-widget elementor-widget-image\" data-id=\"af91ade\" data-element_type=\"widget\" data-e-type=\"widget\" data-widget_type=\"image.default\">\n\t\t\t\t\t\t\t\t\t\t\t\t\t\t\t<img loading=\"lazy\" decoding=\"async\" width=\"636\" height=\"360\" src=\"https:\/\/apimondia.org\/wp-content\/uploads\/2025\/10\/Europe.webp\" class=\"attachment-medium_large size-medium_large wp-image-211\" alt=\"\" srcset=\"https:\/\/apimondia.org\/wp-content\/uploads\/2025\/10\/Europe.webp 636w, https:\/\/apimondia.org\/wp-content\/uploads\/2025\/10\/Europe-18x10.webp 18w\" sizes=\"(max-width: 636px) 100vw, 636px\" \/>\t\t\t\t\t\t\t\t\t\t\t\t\t\t\t<\/div>\n\t\t\t\t<div class=\"elementor-element elementor-element-6d604da elementor-widget elementor-widget-heading\" data-id=\"6d604da\" data-element_type=\"widget\" data-e-type=\"widget\" data-widget_type=\"heading.default\">\n\t\t\t\t\t<h3 class=\"elementor-heading-title elementor-size-default\">Europa<\/h3>\t\t\t\t<\/div>\n\t\t\t\t<\/a>\n\t\t<a class=\"elementor-element elementor-element-389961f e-con-full e-flex e-con e-child\" data-id=\"389961f\" data-element_type=\"container\" data-e-type=\"container\" href=\"https:\/\/apimondia.org\/prt\/about\/where-we-work\/oceania\/\">\n\t\t\t\t<div class=\"elementor-element elementor-element-455e462 elementor-widget elementor-widget-image\" data-id=\"455e462\" data-element_type=\"widget\" data-e-type=\"widget\" data-widget_type=\"image.default\">\n\t\t\t\t\t\t\t\t\t\t\t\t\t\t\t<img loading=\"lazy\" decoding=\"async\" width=\"636\" height=\"360\" src=\"https:\/\/apimondia.org\/wp-content\/uploads\/2025\/10\/Oceania.webp\" class=\"attachment-medium_large size-medium_large wp-image-212\" alt=\"\" srcset=\"https:\/\/apimondia.org\/wp-content\/uploads\/2025\/10\/Oceania.webp 636w, https:\/\/apimondia.org\/wp-content\/uploads\/2025\/10\/Oceania-18x10.webp 18w\" sizes=\"(max-width: 636px) 100vw, 636px\" \/>\t\t\t\t\t\t\t\t\t\t\t\t\t\t\t<\/div>\n\t\t\t\t<div class=\"elementor-element elementor-element-4a92786 elementor-widget elementor-widget-heading\" data-id=\"4a92786\" data-element_type=\"widget\" data-e-type=\"widget\" data-widget_type=\"heading.default\">\n\t\t\t\t\t<h3 class=\"elementor-heading-title elementor-size-default\">Oce\u00e2nia<\/h3>\t\t\t\t<\/div>\n\t\t\t\t<\/a>\n\t\t\t\t<\/div>\n\t\t\t\t\t<\/div>\n\t\t\t\t<\/div>\n\t\t\t\t<\/div>","protected":false},"excerpt":{"rendered":"<p>Oceania Oceania is a treasure trove of biodiversity. The European honeybee, introduced by early settlers, has flourished to allow a robust beekeeping industry, producing unique and distinctive products like manuka honey and organic honey from isolated island ecosystems. Beekeepers in the region are actively adjusting to the growing challenges posed by climate change, including more [&hellip;]<\/p>\n","protected":false},"author":1,"featured_media":0,"parent":66,"menu_order":0,"comment_status":"closed","ping_status":"closed","template":"","meta":{"footnotes":""},"class_list":["post-86","page","type-page","status-publish","hentry"],"aioseo_notices":[],"_links":{"self":[{"href":"https:\/\/apimondia.org\/prt\/wp-json\/wp\/v2\/pages\/86","targetHints":{"allow":["GET"]}}],"collection":[{"href":"https:\/\/apimondia.org\/prt\/wp-json\/wp\/v2\/pages"}],"about":[{"href":"https:\/\/apimondia.org\/prt\/wp-json\/wp\/v2\/types\/page"}],"author":[{"embeddable":true,"href":"https:\/\/apimondia.org\/prt\/wp-json\/wp\/v2\/users\/1"}],"replies":[{"embeddable":true,"href":"https:\/\/apimondia.org\/prt\/wp-json\/wp\/v2\/comments?post=86"}],"version-history":[{"count":20,"href":"https:\/\/apimondia.org\/prt\/wp-json\/wp\/v2\/pages\/86\/revisions"}],"predecessor-version":[{"id":2521,"href":"https:\/\/apimondia.org\/prt\/wp-json\/wp\/v2\/pages\/86\/revisions\/2521"}],"up":[{"embeddable":true,"href":"https:\/\/apimondia.org\/prt\/wp-json\/wp\/v2\/pages\/66"}],"wp:attachment":[{"href":"https:\/\/apimondia.org\/prt\/wp-json\/wp\/v2\/media?parent=86"}],"curies":[{"name":"wp","href":"https:\/\/api.w.org\/{rel}","templated":true}]}}