{"id":983,"date":"2025-11-21T10:51:45","date_gmt":"2025-11-21T10:51:45","guid":{"rendered":"https:\/\/apimondia.org\/?page_id=983"},"modified":"2026-02-05T00:26:43","modified_gmt":"2026-02-05T00:26:43","slug":"bee-health","status":"publish","type":"page","link":"https:\/\/apimondia.org\/prt\/our-work\/bee-health\/","title":{"rendered":"Sa\u00fade das abelhas"},"content":{"rendered":"<div data-elementor-type=\"wp-page\" data-elementor-id=\"983\" class=\"elementor elementor-983\" data-elementor-post-type=\"page\">\n\t\t\t\t<div class=\"elementor-element elementor-element-38daa4c e-flex e-con-boxed e-con e-parent\" data-id=\"38daa4c\" data-element_type=\"container\" data-e-type=\"container\">\n\t\t\t\t\t<div class=\"e-con-inner\">\n\t\t\t\t<div class=\"elementor-element elementor-element-39afc30 elementor-widget elementor-widget-heading\" data-id=\"39afc30\" data-element_type=\"widget\" data-e-type=\"widget\" data-widget_type=\"heading.default\">\n\t\t\t\t\t<h1 class=\"elementor-heading-title elementor-size-default\">Sa\u00fade das abelhas<\/h1>\t\t\t\t<\/div>\n\t\t\t\t<div class=\"elementor-element elementor-element-5566bcd elementor-widget-divider--view-line elementor-widget elementor-widget-divider\" data-id=\"5566bcd\" data-element_type=\"widget\" data-e-type=\"widget\" data-widget_type=\"divider.default\">\n\t\t\t\t\t\t\t<div class=\"elementor-divider\">\n\t\t\t<span class=\"elementor-divider-separator\">\n\t\t\t\t\t\t<\/span>\n\t\t<\/div>\n\t\t\t\t\t\t<\/div>\n\t\t\t\t\t<\/div>\n\t\t\t\t<\/div>\n\t\t<div class=\"elementor-element elementor-element-dc264a5 e-flex e-con-boxed e-con e-parent\" data-id=\"dc264a5\" data-element_type=\"container\" data-e-type=\"container\">\n\t\t\t\t\t<div class=\"e-con-inner\">\n\t\t<div class=\"elementor-element elementor-element-353c7ab e-con-full e-flex e-con e-child\" data-id=\"353c7ab\" data-element_type=\"container\" data-e-type=\"container\">\n\t\t\t\t<div class=\"elementor-element elementor-element-aa85cea elementor-widget elementor-widget-heading\" data-id=\"aa85cea\" data-element_type=\"widget\" data-e-type=\"widget\" data-widget_type=\"heading.default\">\n\t\t\t\t\t<h2 class=\"elementor-heading-title elementor-size-default\">Encontrar solu\u00e7\u00f5es para a sa\u00fade das abelhas<\/h2>\t\t\t\t<\/div>\n\t\t\t\t<div class=\"elementor-element elementor-element-7ec588f elementor-widget__width-initial elementor-widget elementor-widget-text-editor\" data-id=\"7ec588f\" data-element_type=\"widget\" data-e-type=\"widget\" data-widget_type=\"text-editor.default\">\n\t\t\t\t\t\t\t\t\t<p>O estado de sa\u00fade das abelhas mel\u00edferas deve ser visto no contexto da quest\u00e3o mais vasta da\u00a0<a href=\"https:\/\/pubmed.ncbi.nlm.nih.gov\/20188434\/\" target=\"_blank\" rel=\"noopener\">decl\u00ednio dos polinizadores<\/a>\u00a0em todo o mundo. As abelhas mel\u00edferas est\u00e3o disseminadas por todo o mundo e s\u00e3o frequentemente o principal polinizador gerido na agricultura. Assim, a boa sa\u00fade das abelhas \u00e9 vital para a seguran\u00e7a alimentar mundial. Os desafios enfrentados pelas abelhas mel\u00edferas podem, de facto, ter impacto no abastecimento de frutos, nozes e legumes vitais para a sa\u00fade humana. Por \u00faltimo, as amea\u00e7as \u00e0 sa\u00fade das abelhas s\u00e3o numerosas e multifactoriais e exigem que a comunidade ap\u00edcola disponha de informa\u00e7\u00f5es cient\u00edficas s\u00f3lidas.\u00a0<\/p>\t\t\t\t\t\t\t\t<\/div>\n\t\t\t\t<div class=\"elementor-element elementor-element-900a295 elementor-widget elementor-widget-heading\" data-id=\"900a295\" data-element_type=\"widget\" data-e-type=\"widget\" data-widget_type=\"heading.default\">\n\t\t\t\t\t<h2 class=\"elementor-heading-title elementor-size-default\">A nossa abordagem<\/h2>\t\t\t\t<\/div>\n\t\t\t\t<div class=\"elementor-element elementor-element-a44e3a9 elementor-widget elementor-widget-text-editor\" data-id=\"a44e3a9\" data-element_type=\"widget\" data-e-type=\"widget\" data-widget_type=\"text-editor.default\">\n\t\t\t\t\t\t\t\t\t<p>O nosso principal objetivo \u00e9 o apoio e a valoriza\u00e7\u00e3o de todos os desenvolvimentos ou iniciativas cient\u00edficas e t\u00e9cnicas relacionadas com a garantia da sa\u00fade das abelhas mel\u00edferas.<br \/><br \/>Prestamos aten\u00e7\u00e3o \u00e0 sa\u00fade das abelhas, incluindo os seguintes aspectos: Boas pr\u00e1ticas ap\u00edcolas e medidas de biosseguran\u00e7a na apicultura, diagn\u00f3stico de pragas\/pat\u00f3genos, tratamento de pragas\/pat\u00f3genos, m\u00e9todos ou pr\u00e1ticas de preven\u00e7\u00e3o de infesta\u00e7\u00f5es\/infec\u00e7\u00f5es por pragas\/pat\u00f3genos, sa\u00fade preditiva das abelhas, cria\u00e7\u00e3o para toler\u00e2ncia aos pat\u00f3genos das abelhas e para resili\u00eancia \u00e0s altera\u00e7\u00f5es clim\u00e1ticas, aspectos econ\u00f3micos e legislativos das pragas\/pat\u00f3genos das abelhas, importa\u00e7\u00f5es e exporta\u00e7\u00f5es de abelhas e produtos ap\u00edcolas em rela\u00e7\u00e3o a quest\u00f5es de sa\u00fade, nutri\u00e7\u00e3o das abelhas e sua rela\u00e7\u00e3o com a sa\u00fade das abelhas, impacto dos produtos fitossanit\u00e1rios e outros factores de stress ambiental na sa\u00fade das abelhas, quadro jur\u00eddico da autoriza\u00e7\u00e3o de pesticidas, rela\u00e7\u00f5es globais entre agricultores e apicultores.<\/p>\t\t\t\t\t\t\t\t<\/div>\n\t\t\t\t<\/div>\n\t\t<div class=\"elementor-element elementor-element-9b7d1ce e-con-full e-flex e-con e-child\" data-id=\"9b7d1ce\" data-element_type=\"container\" data-e-type=\"container\">\n\t\t\t\t<div class=\"elementor-element elementor-element-ccc963e elementor-widget elementor-widget-heading\" data-id=\"ccc963e\" data-element_type=\"widget\" data-e-type=\"widget\" data-widget_type=\"heading.default\">\n\t\t\t\t\t<h4 class=\"elementor-heading-title elementor-size-default\">Presidente da Comiss\u00e3o de Sa\u00fade das Abelhas da Apimondia<\/h4>\t\t\t\t<\/div>\n\t\t\t\t<div class=\"elementor-element elementor-element-b83a12d elementor-widget elementor-widget-text-editor\" data-id=\"b83a12d\" data-element_type=\"widget\" data-e-type=\"widget\" data-widget_type=\"text-editor.default\">\n\t\t\t\t\t\t\t\t\t<p><strong>Dr. Fani Hatjina<\/strong><\/p><p>Diretor do Instituto de Ci\u00eancia Animal e do Departamento de Apicultura<br \/>Elgo \u2018Dimitra\u2019, Gr\u00e9cia<\/p>\t\t\t\t\t\t\t\t<\/div>\n\t\t\t\t<div class=\"elementor-element elementor-element-04afc4e elementor-icon-list--layout-traditional elementor-list-item-link-full_width elementor-widget elementor-widget-icon-list\" data-id=\"04afc4e\" data-element_type=\"widget\" data-e-type=\"widget\" data-widget_type=\"icon-list.default\">\n\t\t\t\t\t\t\t<ul class=\"elementor-icon-list-items\">\n\t\t\t\t\t\t\t<li class=\"elementor-icon-list-item\">\n\t\t\t\t\t\t\t\t\t\t\t<span class=\"elementor-icon-list-icon\">\n\t\t\t\t\t\t\t<svg aria-hidden=\"true\" class=\"e-font-icon-svg e-fas-envelope\" viewbox=\"0 0 512 512\" xmlns=\"http:\/\/www.w3.org\/2000\/svg\"><path d=\"M502.3 190.8c3.9-3.1 9.7-.2 9.7 4.7V400c0 26.5-21.5 48-48 48H48c-26.5 0-48-21.5-48-48V195.6c0-5 5.7-7.8 9.7-4.7 22.4 17.4 52.1 39.5 154.1 113.6 21.1 15.4 56.7 47.8 92.2 47.6 35.7.3 72-32.8 92.3-47.6 102-74.1 131.6-96.3 154-113.7zM256 320c23.2.4 56.6-29.2 73.4-41.4 132.7-96.3 142.8-104.7 173.4-128.7 5.8-4.5 9.2-11.5 9.2-18.9v-19c0-26.5-21.5-48-48-48H48C21.5 64 0 85.5 0 112v19c0 7.4 3.4 14.3 9.2 18.9 30.6 23.9 40.7 32.4 173.4 128.7 16.8 12.2 50.2 41.8 73.4 41.4z\"><\/path><\/svg>\t\t\t\t\t\t<\/span>\n\t\t\t\t\t\t\t\t\t\t<span class=\"elementor-icon-list-text\">beehealth@apimondia.org<\/span>\n\t\t\t\t\t\t\t\t\t<\/li>\n\t\t\t\t\t\t<\/ul>\n\t\t\t\t\t\t<\/div>\n\t\t\t\t<div class=\"elementor-element elementor-element-2d2bd66 elementor-icon-list--layout-traditional elementor-list-item-link-full_width elementor-widget elementor-widget-icon-list\" data-id=\"2d2bd66\" data-element_type=\"widget\" data-e-type=\"widget\" data-widget_type=\"icon-list.default\">\n\t\t\t\t\t\t\t<ul class=\"elementor-icon-list-items\">\n\t\t\t\t\t\t\t<li class=\"elementor-icon-list-item\">\n\t\t\t\t\t\t\t\t\t\t\t<a href=\"https:\/\/apimondia.org\/wp-content\/uploads\/2025\/11\/bee_health_team_members_2024.pdf\">\n\n\t\t\t\t\t\t\t\t\t\t\t\t<span class=\"elementor-icon-list-icon\">\n\t\t\t\t\t\t\t<svg aria-hidden=\"true\" class=\"e-font-icon-svg e-fas-download\" viewbox=\"0 0 512 512\" xmlns=\"http:\/\/www.w3.org\/2000\/svg\"><path d=\"M216 0h80c13.3 0 24 10.7 24 24v168h87.7c17.8 0 26.7 21.5 14.1 34.1L269.7 378.3c-7.5 7.5-19.8 7.5-27.3 0L90.1 226.1c-12.6-12.6-3.7-34.1 14.1-34.1H192V24c0-13.3 10.7-24 24-24zm296 376v112c0 13.3-10.7 24-24 24H24c-13.3 0-24-10.7-24-24V376c0-13.3 10.7-24 24-24h146.7l49 49c20.1 20.1 52.5 20.1 72.6 0l49-49H488c13.3 0 24 10.7 24 24zm-124 88c0-11-9-20-20-20s-20 9-20 20 9 20 20 20 20-9 20-20zm64 0c0-11-9-20-20-20s-20 9-20 20 9 20 20 20 20-9 20-20z\"><\/path><\/svg>\t\t\t\t\t\t<\/span>\n\t\t\t\t\t\t\t\t\t\t<span class=\"elementor-icon-list-text\">Membros da Comiss\u00e3o<\/span>\n\t\t\t\t\t\t\t\t\t\t\t<\/a>\n\t\t\t\t\t\t\t\t\t<\/li>\n\t\t\t\t\t\t<\/ul>\n\t\t\t\t\t\t<\/div>\n\t\t\t\t<\/div>\n\t\t\t\t\t<\/div>\n\t\t\t\t<\/div>\n\t\t\t\t<\/div>","protected":false},"excerpt":{"rendered":"<p>Bee health Finding solutions for honey bee health The status of honey bee health must be viewed in the context of the larger issue of\u00a0pollinator declines\u00a0worldwide. Honey bees are widespread globally and often serve as the major managed pollinator in agriculture. Thus, good bee health is vital to global food security. The challenges faced by [&hellip;]<\/p>\n","protected":false},"author":1,"featured_media":0,"parent":10,"menu_order":0,"comment_status":"closed","ping_status":"closed","template":"","meta":{"footnotes":""},"class_list":["post-983","page","type-page","status-publish","hentry"],"aioseo_notices":[],"_links":{"self":[{"href":"https:\/\/apimondia.org\/prt\/wp-json\/wp\/v2\/pages\/983","targetHints":{"allow":["GET"]}}],"collection":[{"href":"https:\/\/apimondia.org\/prt\/wp-json\/wp\/v2\/pages"}],"about":[{"href":"https:\/\/apimondia.org\/prt\/wp-json\/wp\/v2\/types\/page"}],"author":[{"embeddable":true,"href":"https:\/\/apimondia.org\/prt\/wp-json\/wp\/v2\/users\/1"}],"replies":[{"embeddable":true,"href":"https:\/\/apimondia.org\/prt\/wp-json\/wp\/v2\/comments?post=983"}],"version-history":[{"count":25,"href":"https:\/\/apimondia.org\/prt\/wp-json\/wp\/v2\/pages\/983\/revisions"}],"predecessor-version":[{"id":2361,"href":"https:\/\/apimondia.org\/prt\/wp-json\/wp\/v2\/pages\/983\/revisions\/2361"}],"up":[{"embeddable":true,"href":"https:\/\/apimondia.org\/prt\/wp-json\/wp\/v2\/pages\/10"}],"wp:attachment":[{"href":"https:\/\/apimondia.org\/prt\/wp-json\/wp\/v2\/media?parent=983"}],"curies":[{"name":"wp","href":"https:\/\/api.w.org\/{rel}","templated":true}]}}